-- 2024/08/22_11:41:43: Creation of BioSource 7317 by user 6445
-- 2024/08/24_11:15:16: Update of BioSource 7317 by user 6445:
INSERT INTO Pathway (name, dbIdentifier, idDB) VALUES ('Arginine biosynthesis','P_arg_bio','6570');
-- 2024/08/24_11:15:16: Update of BioSource 7317 by user 6445:
INSERT INTO PathwayInBioSource (idPathway, idBioSource) VALUES ('1436152', '7317')
-- 2024/08/24_11:15:16: Update of BioSource 7317 by user 6445:
INSERT INTO ReactionInPathway (idPathway, idReactionBioSource) VALUES ('1436152',  '13929652')
-- 2024/08/24_11:23:58: Update of BioSource 7317 by user 6445:
UPDATE Pathway SET name='Arginine biosynthesis', dbIdentifier='P_arg_bio' WHERE Pathway.id='1436152';
-- 2024/08/24_11:23:58: Update of BioSource 7317 by user 6445:
DELETE FROM ReactionInPathway WHERE idPathway='1436152';
-- 2024/08/24_11:23:58: Update of BioSource 7317 by user 6445:
INSERT INTO ReactionInPathway (idPathway, idReactionBioSource) VALUES ('1436152',  '13929623'), ('1436152',  '13929319')
-- 2024/08/24_11:23:58: Update of BioSource 7317 by user 6445:
DELETE FROM SuperPathway WHERE idSub='1436152';
-- 2024/08/24_11:27:58: Update of BioSource 7317 by user 6445:
UPDATE Pathway SET name='Arginine biosynthesis', dbIdentifier='P_arg_bio' WHERE Pathway.id='1436152';
-- 2024/08/24_11:27:58: Update of BioSource 7317 by user 6445:
DELETE FROM ReactionInPathway WHERE idPathway='1436152';
-- 2024/08/24_11:27:58: Update of BioSource 7317 by user 6445:
INSERT INTO ReactionInPathway (idPathway, idReactionBioSource) VALUES ('1436152',  '13929652')
-- 2024/08/24_11:27:58: Update of BioSource 7317 by user 6445:
DELETE FROM SuperPathway WHERE idSub='1436152';
-- 2024/08/24_11:29:27: Update of BioSource 7317 by user 6445:
UPDATE Pathway SET name='Arginine biosynthesis', dbIdentifier='P_arg_bio' WHERE Pathway.id='1436152';
-- 2024/08/24_11:29:27: Update of BioSource 7317 by user 6445:
DELETE FROM ReactionInPathway WHERE idPathway='1436152';
-- 2024/08/24_11:29:27: Update of BioSource 7317 by user 6445:
INSERT INTO ReactionInPathway (idPathway, idReactionBioSource) VALUES ('1436152',  '13929623')
-- 2024/08/24_11:29:27: Update of BioSource 7317 by user 6445:
DELETE FROM SuperPathway WHERE idSub='1436152';
-- 2024/08/24_11:30:57: Update of BioSource 7317 by user 6445:
UPDATE Pathway SET name='Arginine biosynthesis', dbIdentifier='P_arg_bio' WHERE Pathway.id='1436152';
-- 2024/08/24_11:30:57: Update of BioSource 7317 by user 6445:
DELETE FROM ReactionInPathway WHERE idPathway='1436152';
-- 2024/08/24_11:30:57: Update of BioSource 7317 by user 6445:
INSERT INTO ReactionInPathway (idPathway, idReactionBioSource) VALUES ('1436152',  '13929623')
-- 2024/08/24_11:30:57: Update of BioSource 7317 by user 6445:
DELETE FROM SuperPathway WHERE idSub='1436152';
-- 2024/08/24_17:12:17: Update of BioSource 7317 by user 6445:
UPDATE Reaction SET `name`='Cystathionine b-lyase', `generic`='0', `ec`='4.4.1.13', `dbIdentifier`='R_CYSTL', `go`='', `goName`='' WHERE `Reaction`.`id`='12450162';
-- 2024/08/24_17:12:17: Update of BioSource 7317 by user 6445:
UPDATE `ReactionInBioSource` SET `reversible`='0', `hole`='0', `upperBound`='1000', `lowerBound`='0' WHERE  `ReactionInBioSource`.`idReaction`='12450162' AND `ReactionInBioSource`.`idBioSource`='7317' ;
-- 2024/08/24_17:12:17: Update of BioSource 7317 by user 6445:
DELETE FROM RightParticipant WHERE idReaction='12450162';
-- 2024/08/24_17:12:17: Update of BioSource 7317 by user 6445:
INSERT INTO RightParticipant (idReaction, idMetabolite, coeff, side) VALUES ('12450162', '13014873',  '1.0', '0'), ('12450162', '13015261',  '1.0', '0'), ('12450162', '13015475',  '1.0', '0')
-- 2024/08/24_17:12:17: Update of BioSource 7317 by user 6445:
DELETE FROM ReactionInPathway WHERE `idReactionBioSource`='13929481';
-- 2024/08/24_17:12:17: Update of BioSource 7317 by user 6445:
DELETE FROM Catalyses WHERE `idReactionInBioSource`='13929481';
-- 2024/08/24_17:12:17: Update of BioSource 7317 by user 6445:
INSERT INTO Catalyses (idReactionInBioSource, idEnzymeInBioSource) VALUES ('13929481', '12948934')
-- 2024/08/24_17:12:17: Update of BioSource 7317 by user 6445:
DELETE FROM ReactionHasStatus WHERE `idReaction`='12450162';
-- 2024/08/24_17:41:02: Update of BioSource 7317 by user 6445:
INSERT INTO Gene (name, dbIdentifier, dbId) VALUES ('Aspartate-semialdehyde dehydrogenase','G_HAAL_v1_390011','6570');
-- 2024/08/24_17:41:02: Update of BioSource 7317 by user 6445:
INSERT INTO GeneInBioSource (idGene, idBioSource) VALUES ('13421907', '7317')
-- 2024/08/24_17:42:01: Update of BioSource 7317 by user 6445:
UPDATE Gene SET name='G_HAAL_v1_390011', dbIdentifier='G_HAAL_v1_390011' WHERE Gene.id='13421907' ;
-- 2024/08/24_17:42:01: Update of BioSource 7317 by user 6445:
DELETE FROM GeneCodesForProtein WHERE idGeneInBioSource='13511129';
-- 2024/08/24_17:42:35: Update of BioSource 7317 by user 6445:
INSERT INTO Protein (name, dbIdentifier, dbId) VALUES ('G_HAAL_v1_390011','G_HAAL_v1_390011','6570');
-- 2024/08/24_17:42:35: Update of BioSource 7317 by user 6445:
INSERT INTO ProteinInBioSource (idProtein, idBioSource) VALUES ('13498955', '7317');
-- 2024/08/24_17:43:18: Update of BioSource 7317 by user 6445:
INSERT INTO Enzyme (name, dbIdentifier, dbId) VALUES ('G_HAAL_v1_390011','G_HAAL_v1_390011','6570');
-- 2024/08/24_17:43:18: Update of BioSource 7317 by user 6445:
INSERT INTO EnzymeInBioSource (idEnzyme, idBioSource) VALUES ('12748837', '7317');
-- 2024/08/24_17:47:34: Update of BioSource 7317 by user 6445:
UPDATE Reaction SET `name`='Aspartate-semialdehyde dehydrogenase', `generic`='0', `ec`='1.2.1.11', `dbIdentifier`='R_ASAD', `go`='', `goName`='' WHERE `Reaction`.`id`='12449362';
-- 2024/08/24_17:47:34: Update of BioSource 7317 by user 6445:
UPDATE `ReactionInBioSource` SET `reversible`='1', `hole`='0', `upperBound`='1000', `lowerBound`='-1000' WHERE  `ReactionInBioSource`.`idReaction`='12449362' AND `ReactionInBioSource`.`idBioSource`='7317' ;
-- 2024/08/24_17:47:34: Update of BioSource 7317 by user 6445:
DELETE FROM RightParticipant WHERE idReaction='12449362';
-- 2024/08/24_17:47:34: Update of BioSource 7317 by user 6445:
INSERT INTO RightParticipant (idReaction, idMetabolite, coeff, side) VALUES ('12449362', '13015505',  '1.0', '0'), ('12449362', '13016532',  '1.0', '0'), ('12449362', '13015260',  '1.0', '0')
-- 2024/08/24_17:47:34: Update of BioSource 7317 by user 6445:
DELETE FROM ReactionInPathway WHERE `idReactionBioSource`='13928681';
-- 2024/08/24_17:47:34: Update of BioSource 7317 by user 6445:
DELETE FROM Catalyses WHERE `idReactionInBioSource`='13928681';
-- 2024/08/24_17:47:34: Update of BioSource 7317 by user 6445:
INSERT INTO Catalyses (idReactionInBioSource, idEnzymeInBioSource) VALUES ('13928681', '12949239')
-- 2024/08/24_17:47:34: Update of BioSource 7317 by user 6445:
DELETE FROM ReactionHasStatus WHERE `idReaction`='12449362';
-- 2024/08/24_17:49:57: Update of BioSource 7317 by user 6445:
UPDATE Reaction SET `name`='Aspartate-semialdehyde dehydrogenase', `generic`='0', `ec`='1.2.1.11', `dbIdentifier`='R_ASAD', `go`='', `goName`='' WHERE `Reaction`.`id`='12449362';
-- 2024/08/24_17:49:57: Update of BioSource 7317 by user 6445:
UPDATE `ReactionInBioSource` SET `reversible`='1', `hole`='0', `upperBound`='1000', `lowerBound`='-1000' WHERE  `ReactionInBioSource`.`idReaction`='12449362' AND `ReactionInBioSource`.`idBioSource`='7317' ;
-- 2024/08/24_17:49:57: Update of BioSource 7317 by user 6445:
DELETE FROM RightParticipant WHERE idReaction='12449362';
-- 2024/08/24_17:49:57: Update of BioSource 7317 by user 6445:
INSERT INTO RightParticipant (idReaction, idMetabolite, coeff, side) VALUES ('12449362', '13015505',  '1.0', '0'), ('12449362', '13016532',  '1.0', '0'), ('12449362', '13015260',  '1.0', '0')
-- 2024/08/24_17:49:57: Update of BioSource 7317 by user 6445:
DELETE FROM ReactionInPathway WHERE `idReactionBioSource`='13928681';
-- 2024/08/24_17:49:57: Update of BioSource 7317 by user 6445:
DELETE FROM Catalyses WHERE `idReactionInBioSource`='13928681';
-- 2024/08/24_17:49:57: Update of BioSource 7317 by user 6445:
INSERT INTO Catalyses (idReactionInBioSource, idEnzymeInBioSource) VALUES ('13928681', '12949239')
-- 2024/08/24_17:49:57: Update of BioSource 7317 by user 6445:
DELETE FROM ReactionHasStatus WHERE `idReaction`='12449362';
-- 2024/08/24_17:56:45: Update of BioSource 7317 by user 6445:
UPDATE Protein SET name='HAAL_v1_390011', dbIdentifier='G_HAAL_v1_390011' WHERE Protein.id='13498955';
-- 2024/08/24_17:56:45: Update of BioSource 7317 by user 6445:
DELETE FROM ProteinInEnzyme WHERE idProteinInBioSource='13595326';
-- 2024/08/24_17:56:45: Update of BioSource 7317 by user 6445:
DELETE FROM GeneCodesForProtein WHERE idProteinInBioSource='13595326';
-- 2024/08/24_18:00:33: Update of BioSource 7317 by user 6445:
UPDATE Reaction SET `name`='Aspartate-semialdehyde dehydrogenase', `generic`='0', `ec`='1.2.1.11', `dbIdentifier`='R_ASAD', `go`='', `goName`='' WHERE `Reaction`.`id`='12449362';
-- 2024/08/24_18:00:33: Update of BioSource 7317 by user 6445:
UPDATE `ReactionInBioSource` SET `reversible`='1', `hole`='0', `upperBound`='1000', `lowerBound`='-1000' WHERE  `ReactionInBioSource`.`idReaction`='12449362' AND `ReactionInBioSource`.`idBioSource`='7317' ;
-- 2024/08/24_18:00:33: Update of BioSource 7317 by user 6445:
DELETE FROM RightParticipant WHERE idReaction='12449362';
-- 2024/08/24_18:00:33: Update of BioSource 7317 by user 6445:
INSERT INTO RightParticipant (idReaction, idMetabolite, coeff, side) VALUES ('12449362', '13015505',  '1.0', '0'), ('12449362', '13016532',  '1.0', '0'), ('12449362', '13015260',  '1.0', '0')
-- 2024/08/24_18:00:33: Update of BioSource 7317 by user 6445:
DELETE FROM ReactionInPathway WHERE `idReactionBioSource`='13928681';
-- 2024/08/24_18:00:33: Update of BioSource 7317 by user 6445:
DELETE FROM Catalyses WHERE `idReactionInBioSource`='13928681';
-- 2024/08/24_18:00:33: Update of BioSource 7317 by user 6445:
INSERT INTO Catalyses (idReactionInBioSource, idEnzymeInBioSource) VALUES ('13928681', '12949239'), ('13928681', '12955494')
-- 2024/08/24_18:00:33: Update of BioSource 7317 by user 6445:
DELETE FROM ReactionHasStatus WHERE `idReaction`='12449362';
-- 2024/08/24_18:01:08: Update of BioSource 7317 by user 6445:
UPDATE Reaction SET `name`='Aspartate-semialdehyde dehydrogenase', `generic`='0', `ec`='1.2.1.11', `dbIdentifier`='R_ASAD', `go`='', `goName`='' WHERE `Reaction`.`id`='12449362';
-- 2024/08/24_18:01:08: Update of BioSource 7317 by user 6445:
UPDATE `ReactionInBioSource` SET `reversible`='1', `hole`='0', `upperBound`='1000', `lowerBound`='-1000' WHERE  `ReactionInBioSource`.`idReaction`='12449362' AND `ReactionInBioSource`.`idBioSource`='7317' ;
-- 2024/08/24_18:01:08: Update of BioSource 7317 by user 6445:
DELETE FROM RightParticipant WHERE idReaction='12449362';
-- 2024/08/24_18:01:08: Update of BioSource 7317 by user 6445:
INSERT INTO RightParticipant (idReaction, idMetabolite, coeff, side) VALUES ('12449362', '13015505',  '1.0', '0'), ('12449362', '13016532',  '1.0', '0'), ('12449362', '13015260',  '1.0', '0')
-- 2024/08/24_18:01:08: Update of BioSource 7317 by user 6445:
DELETE FROM ReactionInPathway WHERE `idReactionBioSource`='13928681';
-- 2024/08/24_18:01:08: Update of BioSource 7317 by user 6445:
DELETE FROM Catalyses WHERE `idReactionInBioSource`='13928681';
-- 2024/08/24_18:01:08: Update of BioSource 7317 by user 6445:
INSERT INTO Catalyses (idReactionInBioSource, idEnzymeInBioSource) VALUES ('13928681', '12949239'), ('13928681', '12955494')
-- 2024/08/24_18:01:08: Update of BioSource 7317 by user 6445:
DELETE FROM ReactionHasStatus WHERE `idReaction`='12449362';
-- 2024/08/24_18:02:52: Update of BioSource 7317 by user 6445:
UPDATE Reaction SET `name`='Aspartate-semialdehyde dehydrogenase', `generic`='0', `ec`='1.2.1.11', `dbIdentifier`='R_ASAD', `go`='', `goName`='' WHERE `Reaction`.`id`='12449362';
-- 2024/08/24_18:02:52: Update of BioSource 7317 by user 6445:
UPDATE `ReactionInBioSource` SET `reversible`='1', `hole`='0', `upperBound`='1000', `lowerBound`='-1000' WHERE  `ReactionInBioSource`.`idReaction`='12449362' AND `ReactionInBioSource`.`idBioSource`='7317' ;
-- 2024/08/24_18:02:52: Update of BioSource 7317 by user 6445:
DELETE FROM RightParticipant WHERE idReaction='12449362';
-- 2024/08/24_18:02:52: Update of BioSource 7317 by user 6445:
INSERT INTO RightParticipant (idReaction, idMetabolite, coeff, side) VALUES ('12449362', '13015505',  '1.0', '0'), ('12449362', '13016532',  '1.0', '0'), ('12449362', '13015260',  '1.0', '0')
-- 2024/08/24_18:02:52: Update of BioSource 7317 by user 6445:
DELETE FROM ReactionInPathway WHERE `idReactionBioSource`='13928681';
-- 2024/08/24_18:02:52: Update of BioSource 7317 by user 6445:
DELETE FROM Catalyses WHERE `idReactionInBioSource`='13928681';
-- 2024/08/24_18:02:52: Update of BioSource 7317 by user 6445:
INSERT INTO Catalyses (idReactionInBioSource, idEnzymeInBioSource) VALUES ('13928681', '12955494'), ('13928681', '12949239')
-- 2024/08/24_18:02:52: Update of BioSource 7317 by user 6445:
DELETE FROM ReactionHasStatus WHERE `idReaction`='12449362';
-- 2024/08/24_18:04:09: Update of BioSource 7317 by user 6445:
UPDATE Reaction SET `name`='Aspartate-semialdehyde dehydrogenase', `generic`='0', `ec`='1.2.1.11', `dbIdentifier`='R_ASAD', `go`='', `goName`='' WHERE `Reaction`.`id`='12449362';
-- 2024/08/24_18:04:09: Update of BioSource 7317 by user 6445:
UPDATE `ReactionInBioSource` SET `reversible`='1', `hole`='0', `upperBound`='1000', `lowerBound`='-1000' WHERE  `ReactionInBioSource`.`idReaction`='12449362' AND `ReactionInBioSource`.`idBioSource`='7317' ;
-- 2024/08/24_18:04:09: Update of BioSource 7317 by user 6445:
DELETE FROM RightParticipant WHERE idReaction='12449362';
-- 2024/08/24_18:04:09: Update of BioSource 7317 by user 6445:
INSERT INTO RightParticipant (idReaction, idMetabolite, coeff, side) VALUES ('12449362', '13015505',  '1.0', '0'), ('12449362', '13016532',  '1.0', '0'), ('12449362', '13015260',  '1.0', '0')
-- 2024/08/24_18:04:09: Update of BioSource 7317 by user 6445:
DELETE FROM ReactionInPathway WHERE `idReactionBioSource`='13928681';
-- 2024/08/24_18:04:09: Update of BioSource 7317 by user 6445:
DELETE FROM Catalyses WHERE `idReactionInBioSource`='13928681';
-- 2024/08/24_18:04:09: Update of BioSource 7317 by user 6445:
INSERT INTO Catalyses (idReactionInBioSource, idEnzymeInBioSource) VALUES ('13928681', '12955494'), ('13928681', '12949239')
-- 2024/08/24_18:04:09: Update of BioSource 7317 by user 6445:
DELETE FROM ReactionHasStatus WHERE `idReaction`='12449362';
-- 2024/08/24_18:08:21: Update of BioSource 7317 by user 6445:
UPDATE Reaction SET `name`='Aspartate-semialdehyde dehydrogenase', `generic`='0', `ec`='1.2.1.11', `dbIdentifier`='R_ASAD', `go`='', `goName`='' WHERE `Reaction`.`id`='12449362';
-- 2024/08/24_18:08:21: Update of BioSource 7317 by user 6445:
UPDATE `ReactionInBioSource` SET `reversible`='1', `hole`='0', `upperBound`='1000', `lowerBound`='-1000' WHERE  `ReactionInBioSource`.`idReaction`='12449362' AND `ReactionInBioSource`.`idBioSource`='7317' ;
-- 2024/08/24_18:08:21: Update of BioSource 7317 by user 6445:
DELETE FROM RightParticipant WHERE idReaction='12449362';
-- 2024/08/24_18:08:21: Update of BioSource 7317 by user 6445:
INSERT INTO RightParticipant (idReaction, idMetabolite, coeff, side) VALUES ('12449362', '13015505',  '1.0', '1'), ('12449362', '13016532',  '1.0', '1'), ('12449362', '13015260',  '1.0', '1')
-- 2024/08/24_18:08:21: Update of BioSource 7317 by user 6445:
DELETE FROM ReactionInPathway WHERE `idReactionBioSource`='13928681';
-- 2024/08/24_18:08:21: Update of BioSource 7317 by user 6445:
DELETE FROM Catalyses WHERE `idReactionInBioSource`='13928681';
-- 2024/08/24_18:08:21: Update of BioSource 7317 by user 6445:
INSERT INTO Catalyses (idReactionInBioSource, idEnzymeInBioSource) VALUES ('13928681', '12949239'), ('13928681', '12955494')
-- 2024/08/24_18:08:21: Update of BioSource 7317 by user 6445:
DELETE FROM ReactionHasStatus WHERE `idReaction`='12449362';
-- 2024/08/24_18:08:50: Update of BioSource 7317 by user 6445:
UPDATE Reaction SET `name`='Aspartate-semialdehyde dehydrogenase', `generic`='0', `ec`='1.2.1.11', `dbIdentifier`='R_ASAD', `go`='', `goName`='' WHERE `Reaction`.`id`='12449362';
-- 2024/08/24_18:08:50: Update of BioSource 7317 by user 6445:
UPDATE `ReactionInBioSource` SET `reversible`='1', `hole`='0', `upperBound`='1000', `lowerBound`='-1000' WHERE  `ReactionInBioSource`.`idReaction`='12449362' AND `ReactionInBioSource`.`idBioSource`='7317' ;
-- 2024/08/24_18:08:50: Update of BioSource 7317 by user 6445:
DELETE FROM RightParticipant WHERE idReaction='12449362';
-- 2024/08/24_18:08:50: Update of BioSource 7317 by user 6445:
INSERT INTO RightParticipant (idReaction, idMetabolite, coeff, side) VALUES ('12449362', '13015505',  '1.0', '0'), ('12449362', '13016532',  '1.0', '0'), ('12449362', '13015260',  '1.0', '0')
-- 2024/08/24_18:08:50: Update of BioSource 7317 by user 6445:
DELETE FROM ReactionInPathway WHERE `idReactionBioSource`='13928681';
-- 2024/08/24_18:08:50: Update of BioSource 7317 by user 6445:
DELETE FROM Catalyses WHERE `idReactionInBioSource`='13928681';
-- 2024/08/24_18:08:50: Update of BioSource 7317 by user 6445:
INSERT INTO Catalyses (idReactionInBioSource, idEnzymeInBioSource) VALUES ('13928681', '12949239'), ('13928681', '12955494')
-- 2024/08/24_18:08:50: Update of BioSource 7317 by user 6445:
DELETE FROM ReactionHasStatus WHERE `idReaction`='12449362';
-- 2024/08/24_18:09:27: Update of BioSource 7317 by user 6445:
UPDATE Reaction SET `name`='Aspartate-semialdehyde dehydrogenase', `generic`='0', `ec`='1.2.1.11', `dbIdentifier`='R_ASAD', `go`='', `goName`='' WHERE `Reaction`.`id`='12449362';
-- 2024/08/24_18:09:27: Update of BioSource 7317 by user 6445:
UPDATE `ReactionInBioSource` SET `reversible`='1', `hole`='0', `upperBound`='1000', `lowerBound`='-1000' WHERE  `ReactionInBioSource`.`idReaction`='12449362' AND `ReactionInBioSource`.`idBioSource`='7317' ;
-- 2024/08/24_18:09:27: Update of BioSource 7317 by user 6445:
DELETE FROM RightParticipant WHERE idReaction='12449362';
-- 2024/08/24_18:09:27: Update of BioSource 7317 by user 6445:
INSERT INTO RightParticipant (idReaction, idMetabolite, coeff, side) VALUES ('12449362', '13015505',  '1.0', '0'), ('12449362', '13016532',  '1.0', '0'), ('12449362', '13015260',  '1.0', '0')
-- 2024/08/24_18:09:27: Update of BioSource 7317 by user 6445:
DELETE FROM ReactionInPathway WHERE `idReactionBioSource`='13928681';
-- 2024/08/24_18:09:27: Update of BioSource 7317 by user 6445:
DELETE FROM Catalyses WHERE `idReactionInBioSource`='13928681';
-- 2024/08/24_18:09:27: Update of BioSource 7317 by user 6445:
INSERT INTO Catalyses (idReactionInBioSource, idEnzymeInBioSource) VALUES ('13928681', '12949239'), ('13928681', '12955494')
-- 2024/08/24_18:09:27: Update of BioSource 7317 by user 6445:
DELETE FROM ReactionHasStatus WHERE `idReaction`='12449362';
-- 2024/08/24_18:10:10: Update of BioSource 7317 by user 6445:
UPDATE Reaction SET `name`='Aspartate-semialdehyde dehydrogenase', `generic`='0', `ec`='1.2.1.11', `dbIdentifier`='R_ASAD', `go`='', `goName`='' WHERE `Reaction`.`id`='12449362';
-- 2024/08/24_18:10:10: Update of BioSource 7317 by user 6445:
UPDATE `ReactionInBioSource` SET `reversible`='1', `hole`='0', `upperBound`='1000', `lowerBound`='-1000' WHERE  `ReactionInBioSource`.`idReaction`='12449362' AND `ReactionInBioSource`.`idBioSource`='7317' ;
-- 2024/08/24_18:10:10: Update of BioSource 7317 by user 6445:
DELETE FROM RightParticipant WHERE idReaction='12449362';
-- 2024/08/24_18:10:10: Update of BioSource 7317 by user 6445:
INSERT INTO RightParticipant (idReaction, idMetabolite, coeff, side) VALUES ('12449362', '13015505',  '1.0', '0'), ('12449362', '13016532',  '1.0', '0'), ('12449362', '13015260',  '1.0', '0')
-- 2024/08/24_18:10:10: Update of BioSource 7317 by user 6445:
DELETE FROM ReactionInPathway WHERE `idReactionBioSource`='13928681';
-- 2024/08/24_18:10:10: Update of BioSource 7317 by user 6445:
DELETE FROM Catalyses WHERE `idReactionInBioSource`='13928681';
-- 2024/08/24_18:10:10: Update of BioSource 7317 by user 6445:
INSERT INTO Catalyses (idReactionInBioSource, idEnzymeInBioSource) VALUES ('13928681', '12955494')
-- 2024/08/24_18:10:10: Update of BioSource 7317 by user 6445:
DELETE FROM ReactionHasStatus WHERE `idReaction`='12449362';
-- 2024/08/24_18:10:57: Update of BioSource 7317 by user 6445:
UPDATE Reaction SET `name`='Aspartate-semialdehyde dehydrogenase', `generic`='0', `ec`='1.2.1.11', `dbIdentifier`='R_ASAD', `go`='', `goName`='' WHERE `Reaction`.`id`='12449362';
-- 2024/08/24_18:10:57: Update of BioSource 7317 by user 6445:
UPDATE `ReactionInBioSource` SET `reversible`='1', `hole`='0', `upperBound`='1000', `lowerBound`='-1000' WHERE  `ReactionInBioSource`.`idReaction`='12449362' AND `ReactionInBioSource`.`idBioSource`='7317' ;
-- 2024/08/24_18:10:57: Update of BioSource 7317 by user 6445:
DELETE FROM RightParticipant WHERE idReaction='12449362';
-- 2024/08/24_18:10:57: Update of BioSource 7317 by user 6445:
INSERT INTO RightParticipant (idReaction, idMetabolite, coeff, side) VALUES ('12449362', '13015505',  '1.0', '0'), ('12449362', '13016532',  '1.0', '0'), ('12449362', '13015260',  '1.0', '0')
-- 2024/08/24_18:10:57: Update of BioSource 7317 by user 6445:
DELETE FROM ReactionInPathway WHERE `idReactionBioSource`='13928681';
-- 2024/08/24_18:10:57: Update of BioSource 7317 by user 6445:
DELETE FROM Catalyses WHERE `idReactionInBioSource`='13928681';
-- 2024/08/24_18:10:57: Update of BioSource 7317 by user 6445:
INSERT INTO Catalyses (idReactionInBioSource, idEnzymeInBioSource) VALUES ('13928681', '12949239')
-- 2024/08/24_18:10:57: Update of BioSource 7317 by user 6445:
DELETE FROM ReactionHasStatus WHERE `idReaction`='12449362';
-- 2024/08/24_18:14:37: Update of BioSource 7317 by user 6445:
UPDATE Protein SET name='HAAL_v1_390011', dbIdentifier='G_HAAL_v1_390011' WHERE Protein.id='13498955';
-- 2024/08/24_18:14:37: Update of BioSource 7317 by user 6445:
DELETE FROM ProteinInEnzyme WHERE idProteinInBioSource='13595326';
-- 2024/08/24_18:14:37: Update of BioSource 7317 by user 6445:
DELETE FROM GeneCodesForProtein WHERE idProteinInBioSource='13595326';
-- 2024/08/24_18:14:37: Update of BioSource 7317 by user 6445:
INSERT INTO GeneCodesForProtein (idGeneInBioSource, idProteinInBioSource) VALUES ('13511129',  '13595326')
-- 2024/08/24_18:15:16: Update of BioSource 7317 by user 6445:
UPDATE Reaction SET `name`='Aspartate-semialdehyde dehydrogenase', `generic`='0', `ec`='1.2.1.11', `dbIdentifier`='R_ASAD', `go`='', `goName`='' WHERE `Reaction`.`id`='12449362';
-- 2024/08/24_18:15:16: Update of BioSource 7317 by user 6445:
UPDATE `ReactionInBioSource` SET `reversible`='1', `hole`='0', `upperBound`='1000', `lowerBound`='-1000' WHERE  `ReactionInBioSource`.`idReaction`='12449362' AND `ReactionInBioSource`.`idBioSource`='7317' ;
-- 2024/08/24_18:15:16: Update of BioSource 7317 by user 6445:
DELETE FROM RightParticipant WHERE idReaction='12449362';
-- 2024/08/24_18:15:16: Update of BioSource 7317 by user 6445:
INSERT INTO RightParticipant (idReaction, idMetabolite, coeff, side) VALUES ('12449362', '13015505',  '1.0', '0'), ('12449362', '13016532',  '1.0', '0'), ('12449362', '13015260',  '1.0', '0')
-- 2024/08/24_18:15:16: Update of BioSource 7317 by user 6445:
DELETE FROM ReactionInPathway WHERE `idReactionBioSource`='13928681';
-- 2024/08/24_18:15:16: Update of BioSource 7317 by user 6445:
DELETE FROM Catalyses WHERE `idReactionInBioSource`='13928681';
-- 2024/08/24_18:15:16: Update of BioSource 7317 by user 6445:
INSERT INTO Catalyses (idReactionInBioSource, idEnzymeInBioSource) VALUES ('13928681', '12949239'), ('13928681', '12955494')
-- 2024/08/24_18:15:16: Update of BioSource 7317 by user 6445:
DELETE FROM ReactionHasStatus WHERE `idReaction`='12449362';
-- 2024/08/24_18:16:09: Update of BioSource 7317 by user 6445:
UPDATE Gene SET name='G_HAAL_v1_390011', dbIdentifier='G_HAAL_v1_390011' WHERE Gene.id='13421907' ;
-- 2024/08/24_18:16:09: Update of BioSource 7317 by user 6445:
DELETE FROM GeneCodesForProtein WHERE idGeneInBioSource='13511129';
-- 2024/08/24_18:16:09: Update of BioSource 7317 by user 6445:
INSERT INTO GeneCodesForProtein (idGeneInBioSource, idProteinInBioSource) VALUES ('13511129',  '13595326')
-- 2024/08/24_18:16:31: Update of BioSource 7317 by user 6445:
UPDATE Gene SET name='G_HAAL_v1_390011', dbIdentifier='G_HAAL_v1_390011' WHERE Gene.id='13421907' ;
-- 2024/08/24_18:16:31: Update of BioSource 7317 by user 6445:
DELETE FROM GeneCodesForProtein WHERE idGeneInBioSource='13511129';
-- 2024/08/24_18:16:31: Update of BioSource 7317 by user 6445:
INSERT INTO GeneCodesForProtein (idGeneInBioSource, idProteinInBioSource) VALUES ('13511129',  '13595326')
-- 2024/08/24_18:16:52: Update of BioSource 7317 by user 6445:
UPDATE Enzyme SET name='G_HAAL_v1_390011', dbIdentifier='G_HAAL_v1_390011' WHERE Enzyme.id='12748837' ;
-- 2024/08/24_18:16:52: Update of BioSource 7317 by user 6445:
DELETE FROM ProteinInEnzyme WHERE idEnzymeInBioSource='12955494';
-- 2024/08/24_18:16:52: Update of BioSource 7317 by user 6445:
INSERT INTO ProteinInEnzyme (idProteinInBioSource, idEnzymeInBioSource) VALUES ('13595326',  '12955494')
-- 2024/08/24_18:16:52: Update of BioSource 7317 by user 6445:
DELETE FROM Catalyses WHERE idEnzymeInBioSource='12955494';
-- 2024/08/24_18:16:52: Update of BioSource 7317 by user 6445:
INSERT INTO Catalyses (idReactionInBioSource, idEnzymeInBioSource) VALUES ('13928681',  '12955494')
-- 2024/08/24_18:37:05: Update of BioSource 7317 by user 6445:
INSERT INTO Gene (name, dbIdentifier, dbId) VALUES ('G_HAAL_v1_70338','G_HAAL_v1_70338','6570');
-- 2024/08/24_18:37:05: Update of BioSource 7317 by user 6445:
INSERT INTO GeneInBioSource (idGene, idBioSource) VALUES ('13421908', '7317')
-- 2024/08/24_18:37:35: Update of BioSource 7317 by user 6445:
INSERT INTO Protein (name, dbIdentifier, dbId) VALUES ('G_HAAL_v1_70338','G_HAAL_v1_70338','6570');
-- 2024/08/24_18:37:35: Update of BioSource 7317 by user 6445:
INSERT INTO ProteinInBioSource (idProtein, idBioSource) VALUES ('13498956', '7317');
-- 2024/08/24_18:37:35: Update of BioSource 7317 by user 6445:
INSERT INTO GeneCodesForProtein (idGeneInBioSource, idProteinInBioSource) VALUES ('13511130',  '13595327')
-- 2024/08/24_18:37:54: Update of BioSource 7317 by user 6445:
UPDATE Protein SET name='HAAL_v1_70338', dbIdentifier='G_HAAL_v1_70338' WHERE Protein.id='13498956';
-- 2024/08/24_18:37:54: Update of BioSource 7317 by user 6445:
DELETE FROM ProteinInEnzyme WHERE idProteinInBioSource='13595327';
-- 2024/08/24_18:37:54: Update of BioSource 7317 by user 6445:
DELETE FROM GeneCodesForProtein WHERE idProteinInBioSource='13595327';
-- 2024/08/24_18:37:54: Update of BioSource 7317 by user 6445:
INSERT INTO GeneCodesForProtein (idGeneInBioSource, idProteinInBioSource) VALUES ('13511130',  '13595327')
-- 2024/08/24_18:38:19: Update of BioSource 7317 by user 6445:
INSERT INTO Enzyme (name, dbIdentifier, dbId) VALUES ('G_HAAL_v1_70338','G_HAAL_v1_70338','6570');
-- 2024/08/24_18:38:19: Update of BioSource 7317 by user 6445:
INSERT INTO EnzymeInBioSource (idEnzyme, idBioSource) VALUES ('12748838', '7317');
-- 2024/08/24_18:39:25: Update of BioSource 7317 by user 6445:
INSERT INTO Gene (name, dbIdentifier, dbId) VALUES ('G_HAAL_v1_570031','G_HAAL_v1_570031','6570');
-- 2024/08/24_18:39:25: Update of BioSource 7317 by user 6445:
INSERT INTO GeneInBioSource (idGene, idBioSource) VALUES ('13421909', '7317')
-- 2024/08/24_18:39:49: Update of BioSource 7317 by user 6445:
INSERT INTO Protein (name, dbIdentifier, dbId) VALUES ('HAAL_v1_570031','G_HAAL_v1_570031','6570');
-- 2024/08/24_18:39:49: Update of BioSource 7317 by user 6445:
INSERT INTO ProteinInBioSource (idProtein, idBioSource) VALUES ('13498957', '7317');
-- 2024/08/24_18:39:49: Update of BioSource 7317 by user 6445:
INSERT INTO GeneCodesForProtein (idGeneInBioSource, idProteinInBioSource) VALUES ('13511131',  '13595328')
-- 2024/08/24_18:40:20: Update of BioSource 7317 by user 6445:
INSERT INTO Enzyme (name, dbIdentifier, dbId) VALUES ('G_HAAL_v1_570031','G_HAAL_v1_570031','6570');
-- 2024/08/24_18:40:20: Update of BioSource 7317 by user 6445:
INSERT INTO EnzymeInBioSource (idEnzyme, idBioSource) VALUES ('12748839', '7317');
-- 2024/08/24_18:41:17: Update of BioSource 7317 by user 6445:
UPDATE Enzyme SET name='G_HAAL_v1_570031', dbIdentifier='G_HAAL_v1_570031' WHERE Enzyme.id='12748839' ;
-- 2024/08/24_18:41:17: Update of BioSource 7317 by user 6445:
DELETE FROM ProteinInEnzyme WHERE idEnzymeInBioSource='12955496';
-- 2024/08/24_18:41:17: Update of BioSource 7317 by user 6445:
INSERT INTO ProteinInEnzyme (idProteinInBioSource, idEnzymeInBioSource) VALUES ('13595328',  '12955496')
-- 2024/08/24_18:41:17: Update of BioSource 7317 by user 6445:
DELETE FROM Catalyses WHERE idEnzymeInBioSource='12955496';
-- 2024/08/24_18:41:26: Update of BioSource 7317 by user 6445:
UPDATE Protein SET name='HAAL_v1_570031', dbIdentifier='G_HAAL_v1_570031' WHERE Protein.id='13498957';
-- 2024/08/24_18:41:26: Update of BioSource 7317 by user 6445:
DELETE FROM ProteinInEnzyme WHERE idProteinInBioSource='13595328';
-- 2024/08/24_18:41:26: Update of BioSource 7317 by user 6445:
INSERT INTO ProteinInEnzyme (idProteinInBioSource, idEnzymeInBioSource) VALUES ('13595328',  '12955496')
-- 2024/08/24_18:41:26: Update of BioSource 7317 by user 6445:
DELETE FROM GeneCodesForProtein WHERE idProteinInBioSource='13595328';
-- 2024/08/24_18:41:26: Update of BioSource 7317 by user 6445:
INSERT INTO GeneCodesForProtein (idGeneInBioSource, idProteinInBioSource) VALUES ('13511131',  '13595328')
-- 2024/08/24_18:41:58: Update of BioSource 7317 by user 6445:
INSERT INTO Gene (name, dbIdentifier, dbId) VALUES ('G_HAAL_v1_560031','G_HAAL_v1_560031','6570');
-- 2024/08/24_18:41:58: Update of BioSource 7317 by user 6445:
INSERT INTO GeneInBioSource (idGene, idBioSource) VALUES ('13421910', '7317')
-- 2024/08/24_18:42:15: Update of BioSource 7317 by user 6445:
INSERT INTO Protein (name, dbIdentifier, dbId) VALUES ('HAAL_v1_560031','G_HAAL_v1_560031','6570');
-- 2024/08/24_18:42:15: Update of BioSource 7317 by user 6445:
INSERT INTO ProteinInBioSource (idProtein, idBioSource) VALUES ('13498958', '7317');
-- 2024/08/24_18:42:15: Update of BioSource 7317 by user 6445:
INSERT INTO GeneCodesForProtein (idGeneInBioSource, idProteinInBioSource) VALUES ('13511132',  '13595329')
-- 2024/08/24_18:42:38: Update of BioSource 7317 by user 6445:
INSERT INTO Enzyme (name, dbIdentifier, dbId) VALUES ('G_HAAL_v1_560031','G_HAAL_v1_560031','6570');
-- 2024/08/24_18:42:38: Update of BioSource 7317 by user 6445:
INSERT INTO EnzymeInBioSource (idEnzyme, idBioSource) VALUES ('12748840', '7317');
-- 2024/08/24_18:50:55: Update of BioSource 7317 by user 6445:
UPDATE Enzyme SET name='G_HAAL_v1_560031', dbIdentifier='G_HAAL_v1_560031' WHERE Enzyme.id='12748840' ;
-- 2024/08/24_18:50:55: Update of BioSource 7317 by user 6445:
DELETE FROM ProteinInEnzyme WHERE idEnzymeInBioSource='12955497';
-- 2024/08/24_18:50:55: Update of BioSource 7317 by user 6445:
INSERT INTO ProteinInEnzyme (idProteinInBioSource, idEnzymeInBioSource) VALUES ('13595328',  '12955497')
-- 2024/08/24_18:50:55: Update of BioSource 7317 by user 6445:
DELETE FROM Catalyses WHERE idEnzymeInBioSource='12955497';
-- 2024/08/24_18:52:08: Update of BioSource 7317 by user 6445:
UPDATE Protein SET name='HAAL_v1_560031', dbIdentifier='G_HAAL_v1_560031' WHERE Protein.id='13498958';
-- 2024/08/24_18:52:08: Update of BioSource 7317 by user 6445:
DELETE FROM ProteinInEnzyme WHERE idProteinInBioSource='13595329';
-- 2024/08/24_18:52:08: Update of BioSource 7317 by user 6445:
DELETE FROM GeneCodesForProtein WHERE idProteinInBioSource='13595329';
-- 2024/08/24_18:52:08: Update of BioSource 7317 by user 6445:
INSERT INTO GeneCodesForProtein (idGeneInBioSource, idProteinInBioSource) VALUES ('13511132',  '13595329')
-- 2024/08/24_18:52:32: Update of BioSource 7317 by user 6445:
UPDATE Enzyme SET name='G_HAAL_v1_560031', dbIdentifier='G_HAAL_v1_560031' WHERE Enzyme.id='12748840' ;
-- 2024/08/24_18:52:32: Update of BioSource 7317 by user 6445:
DELETE FROM ProteinInEnzyme WHERE idEnzymeInBioSource='12955497';
-- 2024/08/24_18:52:32: Update of BioSource 7317 by user 6445:
INSERT INTO ProteinInEnzyme (idProteinInBioSource, idEnzymeInBioSource) VALUES ('13595329',  '12955497')
-- 2024/08/24_18:52:32: Update of BioSource 7317 by user 6445:
DELETE FROM Catalyses WHERE idEnzymeInBioSource='12955497';
-- 2024/08/24_18:56:04: Update of BioSource 7317 by user 6445:
UPDATE Reaction SET `name`='Cystathionine b-lyase', `generic`='0', `ec`='4.4.1.13', `dbIdentifier`='R_CYSTL', `go`='', `goName`='' WHERE `Reaction`.`id`='12450162';
-- 2024/08/24_18:56:04: Update of BioSource 7317 by user 6445:
UPDATE `ReactionInBioSource` SET `reversible`='0', `hole`='0', `upperBound`='1000', `lowerBound`='0' WHERE  `ReactionInBioSource`.`idReaction`='12450162' AND `ReactionInBioSource`.`idBioSource`='7317' ;
-- 2024/08/24_18:56:04: Update of BioSource 7317 by user 6445:
DELETE FROM RightParticipant WHERE idReaction='12450162';
-- 2024/08/24_18:56:04: Update of BioSource 7317 by user 6445:
INSERT INTO RightParticipant (idReaction, idMetabolite, coeff, side) VALUES ('12450162', '13014873',  '1.0', '0'), ('12450162', '13015261',  '1.0', '0'), ('12450162', '13015475',  '1.0', '0')
-- 2024/08/24_18:56:04: Update of BioSource 7317 by user 6445:
DELETE FROM ReactionInPathway WHERE `idReactionBioSource`='13929481';
-- 2024/08/24_18:56:04: Update of BioSource 7317 by user 6445:
DELETE FROM Catalyses WHERE `idReactionInBioSource`='13929481';
-- 2024/08/24_18:56:04: Update of BioSource 7317 by user 6445:
INSERT INTO Catalyses (idReactionInBioSource, idEnzymeInBioSource) VALUES ('13929481', '12948934'), ('13929481', '12955497'), ('13929481', '12955496'), ('13929481', '12955495')
-- 2024/08/24_18:56:04: Update of BioSource 7317 by user 6445:
DELETE FROM ReactionHasStatus WHERE `idReaction`='12450162';
-- 2024/08/24_18:57:02: Update of BioSource 7317 by user 6445:
UPDATE Enzyme SET name='G_HAAL_v1_70338', dbIdentifier='G_HAAL_v1_70338' WHERE Enzyme.id='12748838' ;
-- 2024/08/24_18:57:02: Update of BioSource 7317 by user 6445:
DELETE FROM ProteinInEnzyme WHERE idEnzymeInBioSource='12955495';
-- 2024/08/24_18:57:02: Update of BioSource 7317 by user 6445:
INSERT INTO ProteinInEnzyme (idProteinInBioSource, idEnzymeInBioSource) VALUES ('13595327',  '12955495')
-- 2024/08/24_18:57:02: Update of BioSource 7317 by user 6445:
DELETE FROM Catalyses WHERE idEnzymeInBioSource='12955495';
-- 2024/08/24_18:57:02: Update of BioSource 7317 by user 6445:
INSERT INTO Catalyses (idReactionInBioSource, idEnzymeInBioSource) VALUES ('13929481',  '12955495')
-- 2024/08/24_18:57:43: Update of BioSource 7317 by user 6445:
UPDATE Reaction SET `name`='Cystathionine b-lyase', `generic`='0', `ec`='4.4.1.13', `dbIdentifier`='R_CYSTL', `go`='', `goName`='' WHERE `Reaction`.`id`='12450162';
-- 2024/08/24_18:57:43: Update of BioSource 7317 by user 6445:
UPDATE `ReactionInBioSource` SET `reversible`='0', `hole`='0', `upperBound`='1000', `lowerBound`='0' WHERE  `ReactionInBioSource`.`idReaction`='12450162' AND `ReactionInBioSource`.`idBioSource`='7317' ;
-- 2024/08/24_18:57:43: Update of BioSource 7317 by user 6445:
DELETE FROM RightParticipant WHERE idReaction='12450162';
-- 2024/08/24_18:57:43: Update of BioSource 7317 by user 6445:
INSERT INTO RightParticipant (idReaction, idMetabolite, coeff, side) VALUES ('12450162', '13014873',  '1.0', '0'), ('12450162', '13015261',  '1.0', '0'), ('12450162', '13015475',  '1.0', '0')
-- 2024/08/24_18:57:43: Update of BioSource 7317 by user 6445:
DELETE FROM ReactionInPathway WHERE `idReactionBioSource`='13929481';
-- 2024/08/24_18:57:43: Update of BioSource 7317 by user 6445:
DELETE FROM Catalyses WHERE `idReactionInBioSource`='13929481';
-- 2024/08/24_18:57:43: Update of BioSource 7317 by user 6445:
INSERT INTO Catalyses (idReactionInBioSource, idEnzymeInBioSource) VALUES ('13929481', '12948934'), ('13929481', '12955496'), ('13929481', '12955497'), ('13929481', '12955495')
-- 2024/08/24_18:57:43: Update of BioSource 7317 by user 6445:
DELETE FROM ReactionHasStatus WHERE `idReaction`='12450162';
-- 2024/08/24_19:19:11: Update of BioSource 7317 by user 6445:
UPDATE Reaction SET `name`='Methionine synthase', `generic`='0', `ec`='2.1.1.13', `dbIdentifier`='R_METS', `go`='', `goName`='' WHERE `Reaction`.`id`='12449626';
-- 2024/08/24_19:19:11: Update of BioSource 7317 by user 6445:
UPDATE `ReactionInBioSource` SET `reversible`='0', `hole`='0', `upperBound`='1000', `lowerBound`='0' WHERE  `ReactionInBioSource`.`idReaction`='12449626' AND `ReactionInBioSource`.`idBioSource`='7317' ;
-- 2024/08/24_19:19:11: Update of BioSource 7317 by user 6445:
DELETE FROM RightParticipant WHERE idReaction='12449626';
-- 2024/08/24_19:19:11: Update of BioSource 7317 by user 6445:
INSERT INTO RightParticipant (idReaction, idMetabolite, coeff, side) VALUES ('12449626', '13015505',  '1.0', '0'), ('12449626', '13015642',  '1.0', '0'), ('12449626', '13016208',  '1.0', '0')
-- 2024/08/24_19:19:11: Update of BioSource 7317 by user 6445:
DELETE FROM ReactionInPathway WHERE `idReactionBioSource`='13928945';
-- 2024/08/24_19:19:11: Update of BioSource 7317 by user 6445:
DELETE FROM Catalyses WHERE `idReactionInBioSource`='13928945';
-- 2024/08/24_19:19:11: Update of BioSource 7317 by user 6445:
INSERT INTO Catalyses (idReactionInBioSource, idEnzymeInBioSource) VALUES ('13928945', '12949242')
-- 2024/08/24_19:19:11: Update of BioSource 7317 by user 6445:
DELETE FROM ReactionHasStatus WHERE `idReaction`='12449626';
-- 2024/08/24_20:27:11: Update of BioSource 7317 by user 6445:
INSERT INTO Metabolite (name, chemicalFormula, weight, generic, idDB, dbIdentifier, charge) VALUES ('5 Methyltetrahydropteroyltri L glutamate C25H36N8O12','C25H36N8O12','717.68','NA','6570','mhpglu_c','0');
-- 2024/08/24_20:27:11: Update of BioSource 7317 by user 6445:
INSERT INTO MetaboliteInCompartment (idMetabolite, idCompartmentInBioSource) VALUES ('13027019', '39028');
-- 2024/08/24_20:27:11: Update of BioSource 7317 by user 6445:
INSERT INTO MetaboliteInBioSource (idBioSource, idMetabolite, boundaryCondition, sideCompound, constant, hasOnlySubstanceUnit, substanceUnit, initialQuantity) VALUES ('7317', '13027019', '0', '0', '1', '0', 'NA', '0');
-- 2024/08/24_20:27:11: Update of BioSource 7317 by user 6445:
INSERT INTO  MetaboliteIdentifiers (idMetabolite, extDBName, extID, origin, score) VALUES ('13027019', 'keggid', 'C04489', 'UserInput', '1'), ('13027019', 'ChEBI', '17614', 'UserInput', '1'), ('13027019', 'inchiKey', ' HVRNKDVLFAVCJF-VJANTYMQSA-J', 'UserInput', '1'), ('13027019', 'PubChem', '7108', 'UserInput', '1'), ('13027019', 'NIKKAJI', 'J2.751.522C', 'UserInput', '1')
-- 2024/08/24_20:30:30: Update of BioSource 7317 by user 6445:
INSERT INTO Metabolite (name, chemicalFormula, weight, generic, idDB, dbIdentifier, charge) VALUES ('5 Methyltetrahydropteroyltri L glutamate C25H36N8O12','C25H36N8O12','717.68','NA','6570','M_mhpglu_c','0');
-- 2024/08/24_20:30:30: Update of BioSource 7317 by user 6445:
INSERT INTO MetaboliteInCompartment (idMetabolite, idCompartmentInBioSource) VALUES ('13027020', '39028');
-- 2024/08/24_20:30:30: Update of BioSource 7317 by user 6445:
INSERT INTO MetaboliteInBioSource (idBioSource, idMetabolite, boundaryCondition, sideCompound, constant, hasOnlySubstanceUnit, substanceUnit, initialQuantity) VALUES ('7317', '13027020', '0', '0', '1', '0', 'NA', '0');
-- 2024/08/24_20:30:30: Update of BioSource 7317 by user 6445:
INSERT INTO  MetaboliteIdentifiers (idMetabolite, extDBName, extID, origin, score) VALUES ('13027020', 'keggid', 'C04489', 'UserInput', '1'), ('13027020', 'ChEBI', '17614', 'UserInput', '1'), ('13027020', 'PubChem', '7108', 'UserInput', '1'), ('13027020', 'NIKKAJI', 'J2.751.522C', 'UserInput', '1')
-- 2024/08/24_20:31:24: Update of BioSource 7317 by user 6445:
INSERT INTO Metabolite (name, chemicalFormula, weight, generic, idDB, dbIdentifier, charge) VALUES ('Tetrahydropteroyltri L glutamate C24H34N8O12','C24H34N8O12','703.66','NA','6570','M_hpglu_c','0');
-- 2024/08/24_20:31:24: Update of BioSource 7317 by user 6445:
INSERT INTO MetaboliteInCompartment (idMetabolite, idCompartmentInBioSource) VALUES ('13027021', '39028');
-- 2024/08/24_20:31:24: Update of BioSource 7317 by user 6445:
INSERT INTO MetaboliteInBioSource (idBioSource, idMetabolite, boundaryCondition, sideCompound, constant, hasOnlySubstanceUnit, substanceUnit, initialQuantity) VALUES ('7317', '13027021', '0', '0', '1', '0', 'NA', '0');
-- 2024/08/24_20:31:24: Update of BioSource 7317 by user 6445:
INSERT INTO  MetaboliteIdentifiers (idMetabolite, extDBName, extID, origin, score) VALUES ('13027021', 'keggid', 'C04144', 'UserInput', '1'), ('13027021', 'ChEBI', '17420', 'UserInput', '1'), ('13027021', 'PubChem', '6829', 'UserInput', '1'), ('13027021', 'PDB-CCD', '39S', 'UserInput', '1'), ('13027021', 'NIKKAJI', 'J2.747.003C', 'UserInput', '1')
-- 2024/08/24_20:31:42: Update of BioSource 7317 by user 6445:
UPDATE Metabolite SET name='5 Methyltetrahydropteroyltri L glutamate C25H36N8O12', chemicalFormula='C25H36N8O12', weight='717.68', generic='0', dbIdentifier='M_mhpglu_c', charge='' WHERE id=13027020;
-- 2024/08/24_20:31:42: Update of BioSource 7317 by user 6445:
UPDATE MetaboliteInCompartment SET idCompartmentInBioSource='39028' WHERE idMetabolite='13027020';
-- 2024/08/24_20:31:42: Update of BioSource 7317 by user 6445:
UPDATE MetaboliteInBioSource SET boundaryCondition='0', sideCompound='0', constant='1' WHERE idBioSource='7317' AND idMetabolite='13027020';
-- 2024/08/24_20:31:42: Update of BioSource 7317 by user 6445:
DELETE FROM MetaboliteIdentifiers WHERE idMetabolite='13027020';
-- 2024/08/24_20:31:42: Update of BioSource 7317 by user 6445:
INSERT INTO  MetaboliteIdentifiers (idMetabolite, extDBName, extID, origin, score) VALUES ('13027020', 'keggid', 'C04489', 'UserInput', '1'), ('13027020', 'ChEBI', '17614', 'UserInput', '1'), ('13027020', 'NIKKAJI', 'J2.751.522C', 'UserInput', '1'), ('13027020', 'PubChem', '7108', 'UserInput', '1')
-- 2024/08/24_20:41:03: Update of BioSource 7317 by user 6445:
INSERT INTO Reaction (name, generic, type, ec, idDB, dbIdentifier, go, goName) VALUES ('5 methyltetrahydropteroyltriglutamate homocysteine S methyltransferase', '0', 'small', '2.1.1.14', '6570', 'R_MHPGLUT', '', '');
-- 2024/08/24_20:41:03: Update of BioSource 7317 by user 6445:
INSERT INTO ReactionInBioSource (idReaction, idBioSource, reversible, hole, upperBound, lowerBound, fast) VALUES ('12463682', '7317','0', '0', '9999', '0', '0')
-- 2024/08/24_20:41:03: Update of BioSource 7317 by user 6445:
INSERT INTO LeftParticipant (idReaction, idMetabolite, coeff,  side) VALUES ('12463682', '13014873',  '-1', '0'), ('12463682', '13027020',  '-1', '0')
-- 2024/08/24_20:41:03: Update of BioSource 7317 by user 6445:
INSERT INTO RightParticipant (idReaction, idMetabolite, coeff, side) VALUES ('12463682', '13015642',  '1', '0'), ('12463682', '13027021',  '1', '0')
-- 2024/08/24_20:41:03: Update of BioSource 7317 by user 6445:
INSERT INTO Catalyses (idReactionInBioSource, idEnzymeInBioSource) VALUES ('13943001', '12948408')
-- 2024/08/25_09:09:55: Update of BioSource 7317 by user 6445:
INSERT INTO Gene (name, dbIdentifier, dbId) VALUES ('G_HAAL_v1_810035','G_HAAL_v1_810035','6570');
-- 2024/08/25_09:09:55: Update of BioSource 7317 by user 6445:
INSERT INTO GeneInBioSource (idGene, idBioSource) VALUES ('13421911', '7317')
-- 2024/08/25_09:10:23: Update of BioSource 7317 by user 6445:
INSERT INTO Protein (name, dbIdentifier, dbId) VALUES ('HAAL_v1_810035','G_HAAL_v1_810035','6570');
-- 2024/08/25_09:10:23: Update of BioSource 7317 by user 6445:
INSERT INTO ProteinInBioSource (idProtein, idBioSource) VALUES ('13498959', '7317');
-- 2024/08/25_09:10:23: Update of BioSource 7317 by user 6445:
INSERT INTO GeneCodesForProtein (idGeneInBioSource, idProteinInBioSource) VALUES ('13511133',  '13595330')
-- 2024/08/25_09:10:53: Update of BioSource 7317 by user 6445:
UPDATE Gene SET name='G_HAAL_v1_810035', dbIdentifier='G_HAAL_v1_810035' WHERE Gene.id='13421911' ;
-- 2024/08/25_09:10:53: Update of BioSource 7317 by user 6445:
DELETE FROM GeneCodesForProtein WHERE idGeneInBioSource='13511133';
-- 2024/08/25_09:10:53: Update of BioSource 7317 by user 6445:
INSERT INTO GeneCodesForProtein (idGeneInBioSource, idProteinInBioSource) VALUES ('13511133',  '13595330')
-- 2024/08/25_09:11:35: Update of BioSource 7317 by user 6445:
INSERT INTO Enzyme (name, dbIdentifier, dbId) VALUES ('G_HAAL_v1_810035','G_HAAL_v1_810035','6570');
-- 2024/08/25_09:11:35: Update of BioSource 7317 by user 6445:
INSERT INTO EnzymeInBioSource (idEnzyme, idBioSource) VALUES ('12748841', '7317');
-- 2024/08/25_09:11:35: Update of BioSource 7317 by user 6445:
INSERT INTO ProteinInEnzyme (idProteinInBioSource, idEnzymeInBioSource) VALUES ('13595330',  '12955498')
-- 2024/08/25_09:11:35: Update of BioSource 7317 by user 6445:
INSERT INTO Catalyses (idReactionInBioSource, idEnzymeInBioSource) VALUES ('13929932',  '12955498')
-- 2024/08/25_10:11:53: Update of BioSource 7317 by user 6445:
INSERT INTO Gene (name, dbIdentifier, dbId) VALUES ('G_HAAL_v1_110002','G_HAAL_v1_110002','6570');
-- 2024/08/25_10:11:53: Update of BioSource 7317 by user 6445:
INSERT INTO GeneInBioSource (idGene, idBioSource) VALUES ('13421912', '7317')
-- 2024/08/25_10:12:15: Update of BioSource 7317 by user 6445:
INSERT INTO Protein (name, dbIdentifier, dbId) VALUES ('HAAL_v1_110002','G_HAAL_v1_110002','6570');
-- 2024/08/25_10:12:15: Update of BioSource 7317 by user 6445:
INSERT INTO ProteinInBioSource (idProtein, idBioSource) VALUES ('13498960', '7317');
-- 2024/08/25_10:12:15: Update of BioSource 7317 by user 6445:
INSERT INTO GeneCodesForProtein (idGeneInBioSource, idProteinInBioSource) VALUES ('13511134',  '13595331')
-- 2024/08/25_10:12:32: Update of BioSource 7317 by user 6445:
UPDATE Gene SET name='G_HAAL_v1_110002', dbIdentifier='G_HAAL_v1_110002' WHERE Gene.id='13421912' ;
-- 2024/08/25_10:12:32: Update of BioSource 7317 by user 6445:
DELETE FROM GeneCodesForProtein WHERE idGeneInBioSource='13511134';
-- 2024/08/25_10:12:32: Update of BioSource 7317 by user 6445:
INSERT INTO GeneCodesForProtein (idGeneInBioSource, idProteinInBioSource) VALUES ('13511134',  '13595331')
-- 2024/08/25_10:13:07: Update of BioSource 7317 by user 6445:
INSERT INTO Enzyme (name, dbIdentifier, dbId) VALUES ('G_HAAL_v1_110002','G_HAAL_v1_110002','6570');
-- 2024/08/25_10:13:07: Update of BioSource 7317 by user 6445:
INSERT INTO EnzymeInBioSource (idEnzyme, idBioSource) VALUES ('12748842', '7317');
-- 2024/08/25_10:13:07: Update of BioSource 7317 by user 6445:
INSERT INTO ProteinInEnzyme (idProteinInBioSource, idEnzymeInBioSource) VALUES ('13595331',  '12955499')
-- 2024/08/25_10:15:11: Update of BioSource 7317 by user 6445:
INSERT INTO Gene (name, dbIdentifier, dbId) VALUES ('G_HAAL_v1_760145','G_HAAL_v1_760145','6570');
-- 2024/08/25_10:15:11: Update of BioSource 7317 by user 6445:
INSERT INTO GeneInBioSource (idGene, idBioSource) VALUES ('13421913', '7317')
-- 2024/08/25_10:15:53: Update of BioSource 7317 by user 6445:
INSERT INTO Protein (name, dbIdentifier, dbId) VALUES ('HAAL_v1_760145','G_HAAL_v1_760145','6570');
-- 2024/08/25_10:15:53: Update of BioSource 7317 by user 6445:
INSERT INTO ProteinInBioSource (idProtein, idBioSource) VALUES ('13498961', '7317');
-- 2024/08/25_10:15:53: Update of BioSource 7317 by user 6445:
INSERT INTO GeneCodesForProtein (idGeneInBioSource, idProteinInBioSource) VALUES ('13511135',  '13595332')
-- 2024/08/25_10:16:29: Update of BioSource 7317 by user 6445:
INSERT INTO Enzyme (name, dbIdentifier, dbId) VALUES ('G_HAAL_v1_760145','G_HAAL_v1_760145','6570');
-- 2024/08/25_10:16:29: Update of BioSource 7317 by user 6445:
INSERT INTO EnzymeInBioSource (idEnzyme, idBioSource) VALUES ('12748843', '7317');
-- 2024/08/25_10:16:29: Update of BioSource 7317 by user 6445:
INSERT INTO ProteinInEnzyme (idProteinInBioSource, idEnzymeInBioSource) VALUES ('13595332',  '12955500')
-- 2024/08/25_10:26:53: Update of BioSource 7317 by user 6445:
INSERT INTO Metabolite (name, chemicalFormula, weight, generic, idDB, dbIdentifier, charge) VALUES ('5-Methylthio-5-deoxy-D-ribose 1-phosphate','C6H11O7PS','260.20','NA','6570','M_5mdr1p_c','-2');
-- 2024/08/25_10:26:53: Update of BioSource 7317 by user 6445:
INSERT INTO MetaboliteInCompartment (idMetabolite, idCompartmentInBioSource) VALUES ('13027022', '39028');
-- 2024/08/25_10:26:53: Update of BioSource 7317 by user 6445:
INSERT INTO MetaboliteInBioSource (idBioSource, idMetabolite, boundaryCondition, sideCompound, constant, hasOnlySubstanceUnit, substanceUnit, initialQuantity) VALUES ('7317', '13027022', '0', '0', '1', '0', 'NA', '0');
-- 2024/08/25_10:26:53: Update of BioSource 7317 by user 6445:
INSERT INTO  MetaboliteIdentifiers (idMetabolite, extDBName, extID, origin, score) VALUES ('13027022', 'keggid', 'C04188', 'UserInput', '1'), ('13027022', 'ChEBI', '165241 27859', 'UserInput', '1'), ('13027022', 'PubChem', '6864', 'UserInput', '1'), ('13027022', 'NIKKAJI', 'J2.401.247F', 'UserInput', '1')
-- 2024/08/25_10:30:38: Update of BioSource 7317 by user 6445:
INSERT INTO Reaction (name, generic, type, ec, idDB, dbIdentifier, go, goName) VALUES ('5 methylthioadenosine phosphorylase', '0', 'small', '2.4.2.28', '6570', 'R_MTAP', '', '');
-- 2024/08/25_10:30:38: Update of BioSource 7317 by user 6445:
INSERT INTO ReactionInBioSource (idReaction, idBioSource, reversible, hole, upperBound, lowerBound, fast) VALUES ('12463683', '7317','0', '0', '9999', '0', '0')
-- 2024/08/25_10:30:38: Update of BioSource 7317 by user 6445:
INSERT INTO LeftParticipant (idReaction, idMetabolite, coeff,  side) VALUES ('12463683', '13015998',  '-1', '0'), ('12463683', '13015692',  '-1', '0')
-- 2024/08/25_10:30:38: Update of BioSource 7317 by user 6445:
INSERT INTO RightParticipant (idReaction, idMetabolite, coeff, side) VALUES ('12463683', '13027022',  '1', '0'), ('12463683', '13015818',  '1', '0')
-- 2024/08/25_10:30:38: Update of BioSource 7317 by user 6445:
INSERT INTO Catalyses (idReactionInBioSource, idEnzymeInBioSource) VALUES ('13943002', '12948491'), ('13943002', '12955500')
-- 2024/08/25_10:32:01: Update of BioSource 7317 by user 6445:
UPDATE Reaction SET `name`='5 methylthioadenosine phosphorylase', `generic`='0', `ec`='2.4.2.28', `dbIdentifier`='R_MTAP', `go`='', `goName`='' WHERE `Reaction`.`id`='12463683';
-- 2024/08/25_10:32:01: Update of BioSource 7317 by user 6445:
UPDATE `ReactionInBioSource` SET `reversible`='0', `hole`='0', `upperBound`='9999', `lowerBound`='0' WHERE  `ReactionInBioSource`.`idReaction`='12463683' AND `ReactionInBioSource`.`idBioSource`='7317' ;
-- 2024/08/25_10:32:01: Update of BioSource 7317 by user 6445:
DELETE FROM RightParticipant WHERE idReaction='12463683';
-- 2024/08/25_10:32:01: Update of BioSource 7317 by user 6445:
INSERT INTO RightParticipant (idReaction, idMetabolite, coeff, side) VALUES ('12463683', '13027022',  '1', '0'), ('12463683', '13015818',  '1', '0')
-- 2024/08/25_10:32:01: Update of BioSource 7317 by user 6445:
DELETE FROM ReactionInPathway WHERE `idReactionBioSource`='13943002';
-- 2024/08/25_10:32:01: Update of BioSource 7317 by user 6445:
DELETE FROM Catalyses WHERE `idReactionInBioSource`='13943002';
-- 2024/08/25_10:32:01: Update of BioSource 7317 by user 6445:
INSERT INTO Catalyses (idReactionInBioSource, idEnzymeInBioSource) VALUES ('13943002', '12948491'), ('13943002', '12955500')
-- 2024/08/25_10:32:01: Update of BioSource 7317 by user 6445:
DELETE FROM ReactionHasStatus WHERE `idReaction`='12463683';
-- 2024/08/25_10:34:53: Update of BioSource 7317 by user 6445:
UPDATE Reaction SET `name`='5 methyltetrahydropteroyltriglutamate homocysteine S methyltransferase', `generic`='0', `ec`='2.1.1.14', `dbIdentifier`='R_MHPGLUT', `go`='', `goName`='' WHERE `Reaction`.`id`='12463682';
-- 2024/08/25_10:34:53: Update of BioSource 7317 by user 6445:
UPDATE `ReactionInBioSource` SET `reversible`='0', `hole`='0', `upperBound`='9999', `lowerBound`='0' WHERE  `ReactionInBioSource`.`idReaction`='12463682' AND `ReactionInBioSource`.`idBioSource`='7317' ;
-- 2024/08/25_10:34:53: Update of BioSource 7317 by user 6445:
DELETE FROM RightParticipant WHERE idReaction='12463682';
-- 2024/08/25_10:34:53: Update of BioSource 7317 by user 6445:
INSERT INTO RightParticipant (idReaction, idMetabolite, coeff, side) VALUES ('12463682', '13015642',  '1', '0'), ('12463682', '13027021',  '1', '0')
-- 2024/08/25_10:34:53: Update of BioSource 7317 by user 6445:
DELETE FROM ReactionInPathway WHERE `idReactionBioSource`='13943001';
-- 2024/08/25_10:34:53: Update of BioSource 7317 by user 6445:
DELETE FROM Catalyses WHERE `idReactionInBioSource`='13943001';
-- 2024/08/25_10:34:53: Update of BioSource 7317 by user 6445:
INSERT INTO Catalyses (idReactionInBioSource, idEnzymeInBioSource) VALUES ('13943001', '12948408')
-- 2024/08/25_10:34:53: Update of BioSource 7317 by user 6445:
DELETE FROM ReactionHasStatus WHERE `idReaction`='12463682';
-- 2024/08/25_12:09:02: Update of BioSource 7317 by user 6445:
UPDATE Reaction SET `name`='5 methyltetrahydropteroyltriglutamate homocysteine S methyltransferase', `generic`='0', `ec`='2.1.1.14', `dbIdentifier`='R_MHPGLUT', `go`='', `goName`='' WHERE `Reaction`.`id`='12463682';
-- 2024/08/25_12:09:02: Update of BioSource 7317 by user 6445:
UPDATE `ReactionInBioSource` SET `reversible`='0', `hole`='0', `upperBound`='9999', `lowerBound`='0' WHERE  `ReactionInBioSource`.`idReaction`='12463682' AND `ReactionInBioSource`.`idBioSource`='7317' ;
-- 2024/08/25_12:09:02: Update of BioSource 7317 by user 6445:
DELETE FROM RightParticipant WHERE idReaction='12463682';
-- 2024/08/25_12:09:02: Update of BioSource 7317 by user 6445:
INSERT INTO RightParticipant (idReaction, idMetabolite, coeff, side) VALUES ('12463682', '13015642',  '1', '0'), ('12463682', '13027021',  '1', '0')
-- 2024/08/25_12:09:02: Update of BioSource 7317 by user 6445:
DELETE FROM ReactionInPathway WHERE `idReactionBioSource`='13943001';
-- 2024/08/25_12:09:02: Update of BioSource 7317 by user 6445:
DELETE FROM Catalyses WHERE `idReactionInBioSource`='13943001';
-- 2024/08/25_12:09:02: Update of BioSource 7317 by user 6445:
INSERT INTO Catalyses (idReactionInBioSource, idEnzymeInBioSource) VALUES ('13943001', '12948408')
-- 2024/08/25_12:09:02: Update of BioSource 7317 by user 6445:
DELETE FROM ReactionHasStatus WHERE `idReaction`='12463682';
-- 2024/08/25_12:44:42: Update of BioSource 7317 by user 6445:
UPDATE Reaction SET `name`='Cysteine synthase A', `generic`='0', `ec`='2.5.1.47;2.5.1.65', `dbIdentifier`='R_CYSS', `go`='', `goName`='' WHERE `Reaction`.`id`='12449596';
-- 2024/08/25_12:44:42: Update of BioSource 7317 by user 6445:
UPDATE `ReactionInBioSource` SET `reversible`='0', `hole`='0', `upperBound`='1000', `lowerBound`='0' WHERE  `ReactionInBioSource`.`idReaction`='12449596' AND `ReactionInBioSource`.`idBioSource`='7317' ;
-- 2024/08/25_12:44:42: Update of BioSource 7317 by user 6445:
DELETE FROM RightParticipant WHERE idReaction='12449596';
-- 2024/08/25_12:44:42: Update of BioSource 7317 by user 6445:
INSERT INTO RightParticipant (idReaction, idMetabolite, coeff, side) VALUES ('12449596', '13015505',  '1.0', '0'), ('12449596', '13014777',  '1.0', '0'), ('12449596', '13014951',  '1.0', '0')
-- 2024/08/25_12:44:42: Update of BioSource 7317 by user 6445:
DELETE FROM ReactionInPathway WHERE `idReactionBioSource`='13928915';
-- 2024/08/25_12:44:42: Update of BioSource 7317 by user 6445:
DELETE FROM Catalyses WHERE `idReactionInBioSource`='13928915';
-- 2024/08/25_12:44:42: Update of BioSource 7317 by user 6445:
INSERT INTO Catalyses (idReactionInBioSource, idEnzymeInBioSource) VALUES ('13928915', '12948965'), ('13928915', '12948966'), ('13928915', '12949267')
-- 2024/08/25_12:44:42: Update of BioSource 7317 by user 6445:
DELETE FROM ReactionHasStatus WHERE `idReaction`='12449596';
-- 2024/08/25_12:50:06: Update of BioSource 7317 by user 6445:
INSERT INTO Metabolite (name, chemicalFormula, weight, generic, idDB, dbIdentifier, charge) VALUES ('S-Sulfo-L-cysteine','C3H6NO5S2','201.23','NA','6570','M_scys__L_c','0');
-- 2024/08/25_12:50:06: Update of BioSource 7317 by user 6445:
INSERT INTO MetaboliteInCompartment (idMetabolite, idCompartmentInBioSource) VALUES ('13027023', '39028');
-- 2024/08/25_12:50:06: Update of BioSource 7317 by user 6445:
INSERT INTO MetaboliteInBioSource (idBioSource, idMetabolite, boundaryCondition, sideCompound, constant, hasOnlySubstanceUnit, substanceUnit, initialQuantity) VALUES ('7317', '13027023', '0', '0', '1', '0', 'NA', '0');
-- 2024/08/25_12:50:06: Update of BioSource 7317 by user 6445:
INSERT INTO  MetaboliteIdentifiers (idMetabolite, extDBName, extID, origin, score) VALUES ('13027023', 'keggid', 'C05824', 'UserInput', '1'), ('13027023', 'ChEBI', '27891', 'UserInput', '1'), ('13027023', 'CAS', '1637-71-4', 'UserInput', '1'), ('13027023', 'PubChem', '8119', 'UserInput', '1'), ('13027023', 'PDB-CCD', 'CSU', 'UserInput', '1'), ('13027023', 'NIKKAJI', 'J832.997D', 'UserInput', '1')
-- 2024/08/25_13:06:13: Update of BioSource 7317 by user 6445:
INSERT INTO Reaction (name, generic, type, ec, idDB, dbIdentifier, go, goName) VALUES ('Cysteine synthase B', '0', 'small', '2.5.1.144', '6570', 'R_CYSSB', '', '');
-- 2024/08/25_13:06:13: Update of BioSource 7317 by user 6445:
INSERT INTO ReactionInBioSource (idReaction, idBioSource, reversible, hole, upperBound, lowerBound, fast) VALUES ('12463684', '7317','0', '0', '9999', '0', '0')
-- 2024/08/25_13:06:13: Update of BioSource 7317 by user 6445:
INSERT INTO LeftParticipant (idReaction, idMetabolite, coeff,  side) VALUES ('12463684', '13016221',  '1', '0'), ('12463684', '13016546',  '1', '0')
-- 2024/08/25_13:06:13: Update of BioSource 7317 by user 6445:
INSERT INTO RightParticipant (idReaction, idMetabolite, coeff, side) VALUES ('12463684', '13027023',  '1', '0'), ('12463684', '13014777',  '1', '0'), ('12463684', '13015368',  '1', '0')
-- 2024/08/25_13:06:13: Update of BioSource 7317 by user 6445:
INSERT INTO Catalyses (idReactionInBioSource, idEnzymeInBioSource) VALUES ('13943003', '12948965')
-- 2024/08/25_14:26:33: Update of BioSource 7317 by user 6445:
INSERT INTO Gene (name, dbIdentifier, dbId) VALUES ('G_HAAL_v1_920062','G_HAAL_v1_920062','6570');
-- 2024/08/25_14:26:33: Update of BioSource 7317 by user 6445:
INSERT INTO GeneInBioSource (idGene, idBioSource) VALUES ('13421914', '7317')
-- 2024/08/25_14:26:53: Update of BioSource 7317 by user 6445:
INSERT INTO Protein (name, dbIdentifier, dbId) VALUES ('HAAL_v1_920062','G_HAAL_v1_920062','6570');
-- 2024/08/25_14:26:53: Update of BioSource 7317 by user 6445:
INSERT INTO ProteinInBioSource (idProtein, idBioSource) VALUES ('13498962', '7317');
-- 2024/08/25_14:26:53: Update of BioSource 7317 by user 6445:
INSERT INTO GeneCodesForProtein (idGeneInBioSource, idProteinInBioSource) VALUES ('13511136',  '13595333')
-- 2024/08/25_14:27:10: Update of BioSource 7317 by user 6445:
INSERT INTO Enzyme (name, dbIdentifier, dbId) VALUES ('G_HAAL_v1_920062','G_HAAL_v1_920062','6570');
-- 2024/08/25_14:27:10: Update of BioSource 7317 by user 6445:
INSERT INTO EnzymeInBioSource (idEnzyme, idBioSource) VALUES ('12748844', '7317');
-- 2024/08/25_14:27:40: Update of BioSource 7317 by user 6445:
UPDATE Protein SET name='HAAL_v1_920062', dbIdentifier='G_HAAL_v1_920062' WHERE Protein.id='13498962';
-- 2024/08/25_14:27:40: Update of BioSource 7317 by user 6445:
DELETE FROM ProteinInEnzyme WHERE idProteinInBioSource='13595333';
-- 2024/08/25_14:27:40: Update of BioSource 7317 by user 6445:
INSERT INTO ProteinInEnzyme (idProteinInBioSource, idEnzymeInBioSource) VALUES ('13595333',  '12955501')
-- 2024/08/25_14:27:40: Update of BioSource 7317 by user 6445:
DELETE FROM GeneCodesForProtein WHERE idProteinInBioSource='13595333';
-- 2024/08/25_14:27:40: Update of BioSource 7317 by user 6445:
INSERT INTO GeneCodesForProtein (idGeneInBioSource, idProteinInBioSource) VALUES ('13511136',  '13595333')
-- 2024/08/25_14:28:04: Update of BioSource 7317 by user 6445:
UPDATE Enzyme SET name='G_HAAL_v1_920062', dbIdentifier='G_HAAL_v1_920062' WHERE Enzyme.id='12748844' ;
-- 2024/08/25_14:28:04: Update of BioSource 7317 by user 6445:
DELETE FROM ProteinInEnzyme WHERE idEnzymeInBioSource='12955501';
-- 2024/08/25_14:28:04: Update of BioSource 7317 by user 6445:
INSERT INTO ProteinInEnzyme (idProteinInBioSource, idEnzymeInBioSource) VALUES ('13595333',  '12955501')
-- 2024/08/25_14:28:04: Update of BioSource 7317 by user 6445:
DELETE FROM Catalyses WHERE idEnzymeInBioSource='12955501';
-- 2024/08/25_14:28:04: Update of BioSource 7317 by user 6445:
INSERT INTO Catalyses (idReactionInBioSource, idEnzymeInBioSource) VALUES ('13928305',  '12955501'), ('13928304',  '12955501')
-- 2024/08/25_14:56:43: Update of BioSource 7317 by user 6445:
INSERT INTO Metabolite (name, chemicalFormula, weight, generic, idDB, dbIdentifier, charge) VALUES ('Isovaleryl-CoA','C26H40N7O17P3S','851.65','NA','6570','M_ivcoa_c','0');
-- 2024/08/25_14:56:43: Update of BioSource 7317 by user 6445:
INSERT INTO MetaboliteInCompartment (idMetabolite, idCompartmentInBioSource) VALUES ('13027024', '39028');
-- 2024/08/25_14:56:43: Update of BioSource 7317 by user 6445:
INSERT INTO MetaboliteInBioSource (idBioSource, idMetabolite, boundaryCondition, sideCompound, constant, hasOnlySubstanceUnit, substanceUnit, initialQuantity) VALUES ('7317', '13027024', '0', '0', '1', '0', 'NA', '0');
-- 2024/08/25_14:56:43: Update of BioSource 7317 by user 6445:
INSERT INTO  MetaboliteIdentifiers (idMetabolite, extDBName, extID, origin, score) VALUES ('13027024', 'keggid', 'C02939', 'UserInput', '1'), ('13027024', 'ChEBI', '15487', 'UserInput', '1'), ('13027024', 'CAS', '6244-91-3', 'UserInput', '1'), ('13027024', 'PubChem', '5858', 'UserInput', '1'), ('13027024', 'LIPIDMAPS', 'LMFA07050336', 'UserInput', '1'), ('13027024', 'PDB-CCD', 'IVC', 'UserInput', '1'), ('13027024', 'NIKKAJI', 'J675.058C', 'UserInput', '1')
-- 2024/08/25_14:58:37: Update of BioSource 7317 by user 6445:
INSERT INTO Metabolite (name, chemicalFormula, weight, generic, idDB, dbIdentifier, charge) VALUES ('3-Methylbut-2-enoyl-CoA','C26H38N7O17P3S','849.64','NA','6570','M_3mb2coa_c','0');
-- 2024/08/25_14:58:37: Update of BioSource 7317 by user 6445:
INSERT INTO MetaboliteInCompartment (idMetabolite, idCompartmentInBioSource) VALUES ('13027025', '39028');
-- 2024/08/25_14:58:37: Update of BioSource 7317 by user 6445:
INSERT INTO MetaboliteInBioSource (idBioSource, idMetabolite, boundaryCondition, sideCompound, constant, hasOnlySubstanceUnit, substanceUnit, initialQuantity) VALUES ('7317', '13027025', '0', '0', '1', '0', 'NA', '0');
-- 2024/08/25_14:58:37: Update of BioSource 7317 by user 6445:
INSERT INTO  MetaboliteIdentifiers (idMetabolite, extDBName, extID, origin, score) VALUES ('13027025', 'keggid', 'C03069', 'UserInput', '1'), ('13027025', 'ChEBI', '15486', 'UserInput', '1'), ('13027025', 'PubChem', '5969', 'UserInput', '1'), ('13027025', 'LIPIDMAPS', 'LMFA07050232', 'UserInput', '1'), ('13027025', 'NIKKAJI', 'J1.710.034C', 'UserInput', '1')
-- 2024/08/25_15:03:10: Update of BioSource 7317 by user 6445:
INSERT INTO Gene (name, dbIdentifier, dbId) VALUES ('G_HAAL_v1_180095','G_HAAL_v1_180095','6570');
-- 2024/08/25_15:03:10: Update of BioSource 7317 by user 6445:
INSERT INTO GeneInBioSource (idGene, idBioSource) VALUES ('13421915', '7317')
-- 2024/08/25_15:03:32: Update of BioSource 7317 by user 6445:
INSERT INTO Protein (name, dbIdentifier, dbId) VALUES ('HAAL_v1_180095','G_HAAL_v1_180095','6570');
-- 2024/08/25_15:03:32: Update of BioSource 7317 by user 6445:
INSERT INTO ProteinInBioSource (idProtein, idBioSource) VALUES ('13498963', '7317');
-- 2024/08/25_15:03:32: Update of BioSource 7317 by user 6445:
INSERT INTO GeneCodesForProtein (idGeneInBioSource, idProteinInBioSource) VALUES ('13511137',  '13595334')
-- 2024/08/25_15:03:49: Update of BioSource 7317 by user 6445:
INSERT INTO Enzyme (name, dbIdentifier, dbId) VALUES ('G_HAAL_v1_180095','G_HAAL_v1_180095','6570');
-- 2024/08/25_15:03:49: Update of BioSource 7317 by user 6445:
INSERT INTO EnzymeInBioSource (idEnzyme, idBioSource) VALUES ('12748845', '7317');
-- 2024/08/25_15:04:12: Update of BioSource 7317 by user 6445:
UPDATE Protein SET name='HAAL_v1_180095', dbIdentifier='G_HAAL_v1_180095' WHERE Protein.id='13498963';
-- 2024/08/25_15:04:12: Update of BioSource 7317 by user 6445:
DELETE FROM ProteinInEnzyme WHERE idProteinInBioSource='13595334';
-- 2024/08/25_15:04:12: Update of BioSource 7317 by user 6445:
DELETE FROM GeneCodesForProtein WHERE idProteinInBioSource='13595334';
-- 2024/08/25_15:04:12: Update of BioSource 7317 by user 6445:
INSERT INTO GeneCodesForProtein (idGeneInBioSource, idProteinInBioSource) VALUES ('13511137',  '13595334')
-- 2024/08/25_15:04:29: Update of BioSource 7317 by user 6445:
UPDATE Enzyme SET name='G_HAAL_v1_180095', dbIdentifier='G_HAAL_v1_180095' WHERE Enzyme.id='12748845' ;
-- 2024/08/25_15:04:29: Update of BioSource 7317 by user 6445:
DELETE FROM ProteinInEnzyme WHERE idEnzymeInBioSource='12955502';
-- 2024/08/25_15:04:29: Update of BioSource 7317 by user 6445:
INSERT INTO ProteinInEnzyme (idProteinInBioSource, idEnzymeInBioSource) VALUES ('13595334',  '12955502')
-- 2024/08/25_15:04:29: Update of BioSource 7317 by user 6445:
DELETE FROM Catalyses WHERE idEnzymeInBioSource='12955502';
-- 2024/08/25_15:06:28: Update of BioSource 7317 by user 6445:
INSERT INTO Reaction (name, generic, type, ec, idDB, dbIdentifier, go, goName) VALUES ('3-Methylbutanoyl-CoA:(acceptor) 2,3-oxidoreductase', '0', 'small', '1.3.8.4, 1.3.8.7', '6570', 'MBCOAi', '', '');
-- 2024/08/25_15:06:28: Update of BioSource 7317 by user 6445:
INSERT INTO ReactionInBioSource (idReaction, idBioSource, reversible, hole, upperBound, lowerBound, fast) VALUES ('12463685', '7317','0', '0', '9999', '0', '0')
-- 2024/08/25_15:06:28: Update of BioSource 7317 by user 6445:
INSERT INTO LeftParticipant (idReaction, idMetabolite, coeff,  side) VALUES ('12463685', '13027024',  '1', '0'), ('12463685', '13016529',  '1', '0')
-- 2024/08/25_15:06:28: Update of BioSource 7317 by user 6445:
INSERT INTO RightParticipant (idReaction, idMetabolite, coeff, side) VALUES ('12463685', '13014991',  '1', '0'), ('12463685', '13027025',  '1', '0')
-- 2024/08/25_15:06:28: Update of BioSource 7317 by user 6445:
INSERT INTO Catalyses (idReactionInBioSource, idEnzymeInBioSource) VALUES ('13943004', '12955502')
-- 2024/08/25_15:09:19: Update of BioSource 7317 by user 6445:
INSERT INTO Reaction (name, generic, type, ec, idDB, dbIdentifier, go, goName) VALUES ('3-Methylbutanoyl-CoA:(acceptor) 2,3-oxidoreductase', '0', 'small', '1.3.8.4, 1.3.8.7', '6570', 'R_MBCOAi', '', '');
-- 2024/08/25_15:09:19: Update of BioSource 7317 by user 6445:
INSERT INTO ReactionInBioSource (idReaction, idBioSource, reversible, hole, upperBound, lowerBound, fast) VALUES ('12463686', '7317','0', '0', '9999', '0', '0')
-- 2024/08/25_15:09:19: Update of BioSource 7317 by user 6445:
INSERT INTO LeftParticipant (idReaction, idMetabolite, coeff,  side) VALUES ('12463686', '13027024',  '1', '0'), ('12463686', '13016529',  '1', '0')
-- 2024/08/25_15:09:19: Update of BioSource 7317 by user 6445:
INSERT INTO RightParticipant (idReaction, idMetabolite, coeff, side) VALUES ('12463686', '13027025',  '1', '0'), ('12463686', '13014991',  '1', '0')
-- 2024/08/25_15:09:19: Update of BioSource 7317 by user 6445:
INSERT INTO Catalyses (idReactionInBioSource, idEnzymeInBioSource) VALUES ('13943005', '12955502')
-- 2024/08/25_15:34:30: Update of BioSource 7317 by user 6445:
UPDATE Reaction SET `name`='Cysteine synthase B', `generic`='0', `ec`='2.5.1.144', `dbIdentifier`='R_CYSSB', `go`='', `goName`='' WHERE `Reaction`.`id`='12463684';
-- 2024/08/25_15:34:30: Update of BioSource 7317 by user 6445:
UPDATE `ReactionInBioSource` SET `reversible`='0', `hole`='0', `upperBound`='9999', `lowerBound`='0' WHERE  `ReactionInBioSource`.`idReaction`='12463684' AND `ReactionInBioSource`.`idBioSource`='7317' ;
-- 2024/08/25_15:34:30: Update of BioSource 7317 by user 6445:
DELETE FROM RightParticipant WHERE idReaction='12463684';
-- 2024/08/25_15:34:30: Update of BioSource 7317 by user 6445:
INSERT INTO RightParticipant (idReaction, idMetabolite, coeff, side) VALUES ('12463684', '13027023',  '1', '0'), ('12463684', '13014777',  '1', '0'), ('12463684', '13015505',  '1', '0')
-- 2024/08/25_15:34:30: Update of BioSource 7317 by user 6445:
DELETE FROM ReactionInPathway WHERE `idReactionBioSource`='13943003';
-- 2024/08/25_15:34:30: Update of BioSource 7317 by user 6445:
DELETE FROM Catalyses WHERE `idReactionInBioSource`='13943003';
-- 2024/08/25_15:34:30: Update of BioSource 7317 by user 6445:
INSERT INTO Catalyses (idReactionInBioSource, idEnzymeInBioSource) VALUES ('13943003', '12948965')
-- 2024/08/25_15:34:30: Update of BioSource 7317 by user 6445:
DELETE FROM ReactionHasStatus WHERE `idReaction`='12463684';
-- 2024/08/27_10:09:53: Update of BioSource 7317 by user 6445:
UPDATE Reaction SET `name`='Sedoheptulose 1,7-bisphosphate D-glyceraldehyde-3-phosphate-lyase', `generic`='0', `ec`='4.1.2.-;4.1.2.13', `dbIdentifier`='R_FBA3', `go`='', `goName`='' WHERE `Reaction`.`id`='12450284';
-- 2024/08/27_10:09:53: Update of BioSource 7317 by user 6445:
UPDATE `ReactionInBioSource` SET `reversible`='1', `hole`='0', `upperBound`='1000', `lowerBound`='-1000' WHERE  `ReactionInBioSource`.`idReaction`='12450284' AND `ReactionInBioSource`.`idBioSource`='7317' ;
-- 2024/08/27_10:09:53: Update of BioSource 7317 by user 6445:
DELETE FROM RightParticipant WHERE idReaction='12450284';
-- 2024/08/27_10:09:53: Update of BioSource 7317 by user 6445:
INSERT INTO RightParticipant (idReaction, idMetabolite, coeff, side) VALUES ('12450284', '13016373',  '1.0', '0'), ('12450284', '13016592',  '1.0', '0')
-- 2024/08/27_10:09:53: Update of BioSource 7317 by user 6445:
DELETE FROM ReactionInPathway WHERE `idReactionBioSource`='13929603';
-- 2024/08/27_10:09:53: Update of BioSource 7317 by user 6445:
DELETE FROM Catalyses WHERE `idReactionInBioSource`='13929603';
-- 2024/08/27_10:09:53: Update of BioSource 7317 by user 6445:
INSERT INTO Catalyses (idReactionInBioSource, idEnzymeInBioSource) VALUES ('13929603', '12948762'), ('13929603', '12948378')
-- 2024/08/27_10:09:53: Update of BioSource 7317 by user 6445:
DELETE FROM ReactionHasStatus WHERE `idReaction`='12450284';
-- 2024/08/27_10:10:26: Update of BioSource 7317 by user 6445:
UPDATE Reaction SET `name`='Fructose-bisphosphate aldolase', `generic`='0', `ec`='4.1.2.13', `dbIdentifier`='R_FBA', `go`='', `goName`='' WHERE `Reaction`.`id`='12448398';
-- 2024/08/27_10:10:27: Update of BioSource 7317 by user 6445:
UPDATE `ReactionInBioSource` SET `reversible`='1', `hole`='0', `upperBound`='1000', `lowerBound`='-1000' WHERE  `ReactionInBioSource`.`idReaction`='12448398' AND `ReactionInBioSource`.`idBioSource`='7317' ;
-- 2024/08/27_10:10:27: Update of BioSource 7317 by user 6445:
DELETE FROM RightParticipant WHERE idReaction='12448398';
-- 2024/08/27_10:10:27: Update of BioSource 7317 by user 6445:
INSERT INTO RightParticipant (idReaction, idMetabolite, coeff, side) VALUES ('12448398', '13015702',  '1.0', '0'), ('12448398', '13016592',  '1.0', '0')
-- 2024/08/27_10:10:27: Update of BioSource 7317 by user 6445:
DELETE FROM ReactionInPathway WHERE `idReactionBioSource`='13927717';
-- 2024/08/27_10:10:27: Update of BioSource 7317 by user 6445:
DELETE FROM Catalyses WHERE `idReactionInBioSource`='13927717';
-- 2024/08/27_10:10:27: Update of BioSource 7317 by user 6445:
INSERT INTO Catalyses (idReactionInBioSource, idEnzymeInBioSource) VALUES ('13927717', '12948378'), ('13927717', '12948762')
-- 2024/08/27_10:10:27: Update of BioSource 7317 by user 6445:
DELETE FROM ReactionHasStatus WHERE `idReaction`='12448398';
-- 2024/08/27_10:10:27: Update of BioSource 7317 by user 6445:
UPDATE Reaction SET `name`='Fructose-bisphosphate aldolase', `generic`='0', `ec`='4.1.2.13', `dbIdentifier`='R_FBA', `go`='', `goName`='' WHERE `Reaction`.`id`='12448398';
-- 2024/08/27_10:10:27: Update of BioSource 7317 by user 6445:
UPDATE `ReactionInBioSource` SET `reversible`='1', `hole`='0', `upperBound`='1000', `lowerBound`='-1000' WHERE  `ReactionInBioSource`.`idReaction`='12448398' AND `ReactionInBioSource`.`idBioSource`='7317' ;
-- 2024/08/27_10:10:27: Update of BioSource 7317 by user 6445:
DELETE FROM RightParticipant WHERE idReaction='12448398';
-- 2024/08/27_10:10:27: Update of BioSource 7317 by user 6445:
INSERT INTO RightParticipant (idReaction, idMetabolite, coeff, side) VALUES ('12448398', '13015702',  '1.0', '0'), ('12448398', '13016592',  '1.0', '0')
-- 2024/08/27_10:10:27: Update of BioSource 7317 by user 6445:
DELETE FROM ReactionInPathway WHERE `idReactionBioSource`='13927717';
-- 2024/08/27_10:10:27: Update of BioSource 7317 by user 6445:
DELETE FROM Catalyses WHERE `idReactionInBioSource`='13927717';
-- 2024/08/27_10:10:27: Update of BioSource 7317 by user 6445:
INSERT INTO Catalyses (idReactionInBioSource, idEnzymeInBioSource) VALUES ('13927717', '12948378'), ('13927717', '12948762')
-- 2024/08/27_10:10:27: Update of BioSource 7317 by user 6445:
DELETE FROM ReactionHasStatus WHERE `idReaction`='12448398';
-- 2024/08/27_11:23:19: Update of BioSource 7317 by user 6445:
UPDATE Reaction SET `name`='Aconitase (half-reaction A, Citrate hydro-lyase)', `generic`='0', `ec`='4.2.1.3', `dbIdentifier`='R_ACONTa', `go`='', `goName`='' WHERE `Reaction`.`id`='12449235';
-- 2024/08/27_11:23:19: Update of BioSource 7317 by user 6445:
UPDATE `ReactionInBioSource` SET `reversible`='1', `hole`='0', `upperBound`='1000', `lowerBound`='-1000' WHERE  `ReactionInBioSource`.`idReaction`='12449235' AND `ReactionInBioSource`.`idBioSource`='7317' ;
-- 2024/08/27_11:23:19: Update of BioSource 7317 by user 6445:
DELETE FROM RightParticipant WHERE idReaction='12449235';
-- 2024/08/27_11:23:19: Update of BioSource 7317 by user 6445:
INSERT INTO RightParticipant (idReaction, idMetabolite, coeff, side) VALUES ('12449235', '13015649',  '1.0', '0'), ('12449235', '13016059',  '1.0', '0')
-- 2024/08/27_11:23:19: Update of BioSource 7317 by user 6445:
DELETE FROM ReactionInPathway WHERE `idReactionBioSource`='13928554';
-- 2024/08/27_11:23:19: Update of BioSource 7317 by user 6445:
DELETE FROM Catalyses WHERE `idReactionInBioSource`='13928554';
-- 2024/08/27_11:23:19: Update of BioSource 7317 by user 6445:
INSERT INTO Catalyses (idReactionInBioSource, idEnzymeInBioSource) VALUES ('13928554', '12948382'), ('13928554', '12948971')
-- 2024/08/27_11:23:19: Update of BioSource 7317 by user 6445:
DELETE FROM ReactionHasStatus WHERE `idReaction`='12449235';
-- 2024/08/27_11:23:52: Update of BioSource 7317 by user 6445:
UPDATE Reaction SET `name`='Aconitase (half-reaction B, Isocitrate hydro-lyase)', `generic`='0', `ec`='4.2.1.3', `dbIdentifier`='R_ACONTb', `go`='', `goName`='' WHERE `Reaction`.`id`='12449236';
-- 2024/08/27_11:23:52: Update of BioSource 7317 by user 6445:
UPDATE `ReactionInBioSource` SET `reversible`='1', `hole`='0', `upperBound`='1000', `lowerBound`='-1000' WHERE  `ReactionInBioSource`.`idReaction`='12449236' AND `ReactionInBioSource`.`idBioSource`='7317' ;
-- 2024/08/27_11:23:52: Update of BioSource 7317 by user 6445:
DELETE FROM RightParticipant WHERE idReaction='12449236';
-- 2024/08/27_11:23:52: Update of BioSource 7317 by user 6445:
INSERT INTO RightParticipant (idReaction, idMetabolite, coeff, side) VALUES ('12449236', '13016436',  '1.0', '0')
-- 2024/08/27_11:23:52: Update of BioSource 7317 by user 6445:
DELETE FROM ReactionInPathway WHERE `idReactionBioSource`='13928555';
-- 2024/08/27_11:23:52: Update of BioSource 7317 by user 6445:
DELETE FROM Catalyses WHERE `idReactionInBioSource`='13928555';
-- 2024/08/27_11:23:52: Update of BioSource 7317 by user 6445:
INSERT INTO Catalyses (idReactionInBioSource, idEnzymeInBioSource) VALUES ('13928555', '12948382'), ('13928555', '12948971')
-- 2024/08/27_11:23:52: Update of BioSource 7317 by user 6445:
DELETE FROM ReactionHasStatus WHERE `idReaction`='12449236';
-- 2024/08/27_11:58:11: Update of BioSource 7317 by user 6445:
UPDATE Reaction SET `name`='Fumarate reductase', `generic`='0', `ec`='1.3.5.1', `dbIdentifier`='R_FRD3', `go`='', `goName`='' WHERE `Reaction`.`id`='12450038';
-- 2024/08/27_11:58:11: Update of BioSource 7317 by user 6445:
UPDATE `ReactionInBioSource` SET `reversible`='0', `hole`='0', `upperBound`='1000', `lowerBound`='0' WHERE  `ReactionInBioSource`.`idReaction`='12450038' AND `ReactionInBioSource`.`idBioSource`='7317' ;
-- 2024/08/27_11:58:11: Update of BioSource 7317 by user 6445:
DELETE FROM RightParticipant WHERE idReaction='12450038';
-- 2024/08/27_11:58:11: Update of BioSource 7317 by user 6445:
INSERT INTO RightParticipant (idReaction, idMetabolite, coeff, side) VALUES ('12450038', '13015000',  '1.0', '0'), ('12450038', '13015856',  '1.0', '0')
-- 2024/08/27_11:58:11: Update of BioSource 7317 by user 6445:
DELETE FROM ReactionInPathway WHERE `idReactionBioSource`='13929357';
-- 2024/08/27_11:58:11: Update of BioSource 7317 by user 6445:
DELETE FROM Catalyses WHERE `idReactionInBioSource`='13929357';
-- 2024/08/27_11:58:11: Update of BioSource 7317 by user 6445:
INSERT INTO Catalyses (idReactionInBioSource, idEnzymeInBioSource) VALUES ('13929357', '12948527')
-- 2024/08/27_11:58:11: Update of BioSource 7317 by user 6445:
DELETE FROM ReactionHasStatus WHERE `idReaction`='12450038';
-- 2024/08/27_15:43:09: Update of BioSource 7317 by user 6445:
INSERT INTO Metabolite (name, chemicalFormula, weight, generic, idDB, dbIdentifier, charge) VALUES ('Reduced ferredoxin','','NA','NA','6570','M_fdxrd_c','0');
-- 2024/08/27_15:43:09: Update of BioSource 7317 by user 6445:
INSERT INTO MetaboliteInCompartment (idMetabolite, idCompartmentInBioSource) VALUES ('13040218', '39028');
-- 2024/08/27_15:43:09: Update of BioSource 7317 by user 6445:
INSERT INTO MetaboliteInBioSource (idBioSource, idMetabolite, boundaryCondition, sideCompound, constant, hasOnlySubstanceUnit, substanceUnit, initialQuantity) VALUES ('7317', '13040218', '0', '0', '1', '0', 'NA', '0');
-- 2024/08/27_15:43:09: Update of BioSource 7317 by user 6445:
INSERT INTO  MetaboliteIdentifiers (idMetabolite, extDBName, extID, origin, score) VALUES ('13040218', 'keggid', 'C00138', 'UserInput', '1'), ('13040218', 'ChEBI', '17513', 'UserInput', '1'), ('13040218', 'PubChem', '3438', 'UserInput', '1')
-- 2024/08/27_15:51:28: Update of BioSource 7317 by user 6445:
INSERT INTO Reaction (name, generic, type, ec, idDB, dbIdentifier, go, goName) VALUES ('Pyruvate-ferredoxin oxidoreductase', '0', 'small', '1.2.7.1, 1.2.7.11', '6570', 'R_POR_syn', '', '');
-- 2024/08/27_15:51:28: Update of BioSource 7317 by user 6445:
INSERT INTO ReactionInBioSource (idReaction, idBioSource, reversible, hole, upperBound, lowerBound, fast) VALUES ('12475326', '7317','0', '0', '9999', '0', '0')
-- 2024/08/27_15:51:28: Update of BioSource 7317 by user 6445:
INSERT INTO LeftParticipant (idReaction, idMetabolite, coeff,  side) VALUES ('12475326', '13015707',  '1', '0'), ('12475326', '13015475',  '1', '0'), ('12475326', '13016108',  '1', '0')
-- 2024/08/27_15:51:28: Update of BioSource 7317 by user 6445:
INSERT INTO RightParticipant (idReaction, idMetabolite, coeff, side) VALUES ('12475326', '13015841',  '1', '0'), ('12475326', '13015505',  '1', '0'), ('12475326', '13040218',  '1', '0')
-- 2024/08/27_15:51:28: Update of BioSource 7317 by user 6445:
INSERT INTO Catalyses (idReactionInBioSource, idEnzymeInBioSource) VALUES ('13954645', '12948300')
-- 2024/08/28_14:31:45: Update of BioSource 7317 by user 6445:
INSERT INTO Gene (name, dbIdentifier, dbId) VALUES ('G_HAAL_v1_1120058','G_HAAL_v1_1120058','6570');
-- 2024/08/28_14:31:45: Update of BioSource 7317 by user 6445:
INSERT INTO GeneInBioSource (idGene, idBioSource) VALUES ('13430163', '7317')
-- 2024/08/28_14:32:08: Update of BioSource 7317 by user 6445:
INSERT INTO Protein (name, dbIdentifier, dbId) VALUES ('HAAL_v1_1120058','G_HAAL_v1_1120058','6570');
-- 2024/08/28_14:32:08: Update of BioSource 7317 by user 6445:
INSERT INTO ProteinInBioSource (idProtein, idBioSource) VALUES ('13507211', '7317');
-- 2024/08/28_14:32:08: Update of BioSource 7317 by user 6445:
INSERT INTO GeneCodesForProtein (idGeneInBioSource, idProteinInBioSource) VALUES ('13519385',  '13603582')
-- 2024/08/28_14:32:26: Update of BioSource 7317 by user 6445:
INSERT INTO Enzyme (name, dbIdentifier, dbId) VALUES ('G_HAAL_v1_1120058','G_HAAL_v1_1120058','6570');
-- 2024/08/28_14:32:26: Update of BioSource 7317 by user 6445:
INSERT INTO EnzymeInBioSource (idEnzyme, idBioSource) VALUES ('12756901', '7317');
-- 2024/08/28_14:32:43: Update of BioSource 7317 by user 6445:
UPDATE Protein SET name='HAAL_v1_1120058', dbIdentifier='G_HAAL_v1_1120058' WHERE Protein.id='13507211';
-- 2024/08/28_14:32:43: Update of BioSource 7317 by user 6445:
DELETE FROM ProteinInEnzyme WHERE idProteinInBioSource='13603582';
-- 2024/08/28_14:32:43: Update of BioSource 7317 by user 6445:
INSERT INTO ProteinInEnzyme (idProteinInBioSource, idEnzymeInBioSource) VALUES ('13603582',  '12963558')
-- 2024/08/28_14:32:43: Update of BioSource 7317 by user 6445:
DELETE FROM GeneCodesForProtein WHERE idProteinInBioSource='13603582';
-- 2024/08/28_14:32:43: Update of BioSource 7317 by user 6445:
INSERT INTO GeneCodesForProtein (idGeneInBioSource, idProteinInBioSource) VALUES ('13519385',  '13603582')
-- 2024/08/28_14:32:56: Update of BioSource 7317 by user 6445:
UPDATE Enzyme SET name='G_HAAL_v1_1120058', dbIdentifier='G_HAAL_v1_1120058' WHERE Enzyme.id='12756901' ;
-- 2024/08/28_14:32:56: Update of BioSource 7317 by user 6445:
DELETE FROM ProteinInEnzyme WHERE idEnzymeInBioSource='12963558';
-- 2024/08/28_14:32:56: Update of BioSource 7317 by user 6445:
INSERT INTO ProteinInEnzyme (idProteinInBioSource, idEnzymeInBioSource) VALUES ('13603582',  '12963558')
-- 2024/08/28_14:32:56: Update of BioSource 7317 by user 6445:
DELETE FROM Catalyses WHERE idEnzymeInBioSource='12963558';
-- 2024/08/28_14:34:12: Update of BioSource 7317 by user 6445:
UPDATE Reaction SET `name`='Ribulose 5-phosphate 3-epimerase', `generic`='0', `ec`='5.1.3.1', `dbIdentifier`='R_RPE', `go`='', `goName`='' WHERE `Reaction`.`id`='12448359';
-- 2024/08/28_14:34:12: Update of BioSource 7317 by user 6445:
UPDATE `ReactionInBioSource` SET `reversible`='1', `hole`='0', `upperBound`='1000', `lowerBound`='-1000' WHERE  `ReactionInBioSource`.`idReaction`='12448359' AND `ReactionInBioSource`.`idBioSource`='7317' ;
-- 2024/08/28_14:34:12: Update of BioSource 7317 by user 6445:
DELETE FROM RightParticipant WHERE idReaction='12448359';
-- 2024/08/28_14:34:12: Update of BioSource 7317 by user 6445:
INSERT INTO RightParticipant (idReaction, idMetabolite, coeff, side) VALUES ('12448359', '13015126',  '1.0', '0')
-- 2024/08/28_14:34:12: Update of BioSource 7317 by user 6445:
DELETE FROM ReactionInPathway WHERE `idReactionBioSource`='13927678';
-- 2024/08/28_14:34:12: Update of BioSource 7317 by user 6445:
DELETE FROM Catalyses WHERE `idReactionInBioSource`='13927678';
-- 2024/08/28_14:34:12: Update of BioSource 7317 by user 6445:
INSERT INTO Catalyses (idReactionInBioSource, idEnzymeInBioSource) VALUES ('13927678', '12948586'), ('13927678', '12963558')
-- 2024/08/28_14:34:12: Update of BioSource 7317 by user 6445:
DELETE FROM ReactionHasStatus WHERE `idReaction`='12448359';
