-- 2024/11/08_15:31:38: Log Creation. Update of BioSource 7415 by user 794:
UPDATE `BioSource` SET `nameBioSource`='Vizualisation MetaToul 2024',`idInDB`='Viz_02',`strain`='',`tissue`='',`cellType`='' WHERE `BioSource`.`id`='7415';
-- 2024/11/08_15:31:38: Update of BioSource 7415 by user 794:
UPDATE `DatabaseRef` SET `url`='',`version`='2024-11',`source`='vizu metatoul' WHERE `DatabaseRef`.`id`='6668';
-- 2024/11/08_15:44:52: Update of BioSource 7415 by user 794:
UPDATE Reaction SET `name`='bs_pep2', `generic`='0', `ec`='', `dbIdentifier`='bs_pep2', `go`='', `goName`='' WHERE `Reaction`.`id`='12687305';
-- 2024/11/08_15:44:52: Update of BioSource 7415 by user 794:
UPDATE `ReactionInBioSource` SET `reversible`='0', `hole`='0', `upperBound`='9999', `lowerBound`='0' WHERE  `ReactionInBioSource`.`idReaction`='12687305' AND `ReactionInBioSource`.`idBioSource`='7415' ;
-- 2024/11/08_15:44:52: Update of BioSource 7415 by user 794:
DELETE FROM RightParticipant WHERE idReaction='12687305';
-- 2024/11/08_15:44:52: Update of BioSource 7415 by user 794:
INSERT INTO RightParticipant (idReaction, idMetabolite, coeff, side) VALUES ('12687305', '13204154',  '1.0', '0')
-- 2024/11/08_15:44:52: Update of BioSource 7415 by user 794:
DELETE FROM ReactionInPathway WHERE `idReactionBioSource`='14166623';
-- 2024/11/08_15:44:52: Update of BioSource 7415 by user 794:
INSERT INTO ReactionInPathway (idPathway, idReactionBioSource) VALUES ('1447051', '14166623')
-- 2024/11/08_15:44:52: Update of BioSource 7415 by user 794:
DELETE FROM Catalyses WHERE `idReactionInBioSource`='14166623';
-- 2024/11/08_15:44:52: Update of BioSource 7415 by user 794:
DELETE FROM ReactionHasStatus WHERE `idReaction`='12687305';
-- 2024/11/08_15:45:54: Update of BioSource 7415 by user 794:
INSERT INTO Reaction (name, generic, type, ec, idDB, dbIdentifier, go, goName) VALUES ('bs_oaa1', '0', 'small', '', '6668', 'bs_oaa1', '', '');
-- 2024/11/08_15:45:54: Update of BioSource 7415 by user 794:
INSERT INTO ReactionInBioSource (idReaction, idBioSource, reversible, hole, upperBound, lowerBound, fast) VALUES ('12687321', '7415','0', '0', '9999', '0', '0')
-- 2024/11/08_15:45:54: Update of BioSource 7415 by user 794:
INSERT INTO LeftParticipant (idReaction, idMetabolite, coeff,  side) VALUES ('12687321', '13204164',  '1', '0')
-- 2024/11/08_15:45:55: Update of BioSource 7415 by user 794:
INSERT INTO RightParticipant (idReaction, idMetabolite, coeff, side) VALUES ('12687321', '13204186',  '1', '0')
-- 2024/11/08_15:45:55: Update of BioSource 7415 by user 794:
INSERT INTO ReactionInPathway (idPathway, idReactionBioSource) VALUES ('1447051', '14166639')
-- 2024/11/08_15:47:00: Update of BioSource 7415 by user 794:
INSERT INTO Reaction (name, generic, type, ec, idDB, dbIdentifier, go, goName) VALUES ('bs_oaa2', '0', 'small', '', '6668', 'bs_oaa2', '', '');
-- 2024/11/08_15:47:00: Update of BioSource 7415 by user 794:
INSERT INTO ReactionInBioSource (idReaction, idBioSource, reversible, hole, upperBound, lowerBound, fast) VALUES ('12687322', '7415','0', '0', '9999', '0', '0')
-- 2024/11/08_15:47:00: Update of BioSource 7415 by user 794:
INSERT INTO LeftParticipant (idReaction, idMetabolite, coeff,  side) VALUES ('12687322', '13204185',  '1', '0'), ('12687322', '13204189',  '1', '0')
-- 2024/11/08_15:47:00: Update of BioSource 7415 by user 794:
INSERT INTO RightParticipant (idReaction, idMetabolite, coeff, side) VALUES ('12687322', '13204150',  '1', '0'), ('12687322', '13204177',  '1', '0')
-- 2024/11/08_15:47:58: Update of BioSource 7415 by user 794:
INSERT INTO Reaction (name, generic, type, ec, idDB, dbIdentifier, go, goName) VALUES ('bs_oaa3', '0', 'small', '', '6668', 'bs_oaa3', '', '');
-- 2024/11/08_15:47:58: Update of BioSource 7415 by user 794:
INSERT INTO ReactionInBioSource (idReaction, idBioSource, reversible, hole, upperBound, lowerBound, fast) VALUES ('12687323', '7415','0', '0', '9999', '0', '0')
-- 2024/11/08_15:47:58: Update of BioSource 7415 by user 794:
INSERT INTO LeftParticipant (idReaction, idMetabolite, coeff,  side) VALUES ('12687323', '13204164',  '1', '0'), ('12687323', '13204189',  '1', '0'), ('12687323', '13204177',  '1', '0')
-- 2024/11/08_15:47:58: Update of BioSource 7415 by user 794:
INSERT INTO RightParticipant (idReaction, idMetabolite, coeff, side) VALUES ('12687323', '13204188',  '1', '0')
-- 2024/11/08_15:47:58: Update of BioSource 7415 by user 794:
INSERT INTO ReactionInPathway (idPathway, idReactionBioSource) VALUES ('1447051', '14166641')
-- 2024/11/08_15:48:10: Update of BioSource 7415 by user 794:
UPDATE Reaction SET `name`='bs_oaa2', `generic`='0', `ec`='', `dbIdentifier`='bs_oaa2', `go`='', `goName`='' WHERE `Reaction`.`id`='12687322';
-- 2024/11/08_15:48:10: Update of BioSource 7415 by user 794:
UPDATE `ReactionInBioSource` SET `reversible`='0', `hole`='0', `upperBound`='9999', `lowerBound`='0' WHERE  `ReactionInBioSource`.`idReaction`='12687322' AND `ReactionInBioSource`.`idBioSource`='7415' ;
-- 2024/11/08_15:48:10: Update of BioSource 7415 by user 794:
DELETE FROM RightParticipant WHERE idReaction='12687322';
-- 2024/11/08_15:48:10: Update of BioSource 7415 by user 794:
INSERT INTO RightParticipant (idReaction, idMetabolite, coeff, side) VALUES ('12687322', '13204150',  '1', '0'), ('12687322', '13204177',  '1', '0')
-- 2024/11/08_15:48:10: Update of BioSource 7415 by user 794:
DELETE FROM ReactionInPathway WHERE `idReactionBioSource`='14166640';
-- 2024/11/08_15:48:10: Update of BioSource 7415 by user 794:
INSERT INTO ReactionInPathway (idPathway, idReactionBioSource) VALUES ('1447051', '14166640')
-- 2024/11/08_15:48:10: Update of BioSource 7415 by user 794:
DELETE FROM Catalyses WHERE `idReactionInBioSource`='14166640';
-- 2024/11/08_15:48:10: Update of BioSource 7415 by user 794:
DELETE FROM ReactionHasStatus WHERE `idReaction`='12687322';
-- 2024/11/08_15:50:16: Update of BioSource 7415 by user 794:
INSERT INTO Metabolite (name, chemicalFormula, weight, generic, idDB, dbIdentifier, charge) VALUES ('FTHF','','NA','NA','6668','FTHF','0');
-- 2024/11/08_15:50:16: Update of BioSource 7415 by user 794:
INSERT INTO MetaboliteInCompartment (idMetabolite, idCompartmentInBioSource) VALUES ('13204198', '39447');
-- 2024/11/08_15:50:16: Update of BioSource 7415 by user 794:
INSERT INTO MetaboliteInBioSource (idBioSource, idMetabolite, boundaryCondition, sideCompound, constant, hasOnlySubstanceUnit, substanceUnit, initialQuantity) VALUES ('7415', '13204198', '0', '0', '1', '0', 'NA', '0');
-- 2024/11/08_15:51:27: Update of BioSource 7415 by user 794:
INSERT INTO Reaction (name, generic, type, ec, idDB, dbIdentifier, go, goName) VALUES ('bs_oaa6', '0', 'small', '', '6668', 'bs_oaa6', '', '');
-- 2024/11/08_15:51:27: Update of BioSource 7415 by user 794:
INSERT INTO ReactionInBioSource (idReaction, idBioSource, reversible, hole, upperBound, lowerBound, fast) VALUES ('12687324', '7415','0', '0', '9999', '0', '0')
-- 2024/11/08_15:51:27: Update of BioSource 7415 by user 794:
INSERT INTO LeftParticipant (idReaction, idMetabolite, coeff,  side) VALUES ('12687324', '13204164',  '1', '0'), ('12687324', '13204198',  '1', '0')
-- 2024/11/08_15:51:27: Update of BioSource 7415 by user 794:
INSERT INTO RightParticipant (idReaction, idMetabolite, coeff, side) VALUES ('12687324', '13204171',  '1', '0')
-- 2024/11/08_15:51:27: Update of BioSource 7415 by user 794:
INSERT INTO ReactionInPathway (idPathway, idReactionBioSource) VALUES ('1447051', '14166642')
-- 2024/11/08_15:51:52: Update of BioSource 7415 by user 794:
UPDATE Reaction SET `name`='bs_oaa2', `generic`='0', `ec`='', `dbIdentifier`='bs_oaa2', `go`='', `goName`='' WHERE `Reaction`.`id`='12687322';
-- 2024/11/08_15:51:52: Update of BioSource 7415 by user 794:
UPDATE `ReactionInBioSource` SET `reversible`='0', `hole`='0', `upperBound`='9999', `lowerBound`='0' WHERE  `ReactionInBioSource`.`idReaction`='12687322' AND `ReactionInBioSource`.`idBioSource`='7415' ;
-- 2024/11/08_15:51:53: Update of BioSource 7415 by user 794:
DELETE FROM RightParticipant WHERE idReaction='12687322';
-- 2024/11/08_15:51:53: Update of BioSource 7415 by user 794:
INSERT INTO RightParticipant (idReaction, idMetabolite, coeff, side) VALUES ('12687322', '13204150',  '1', '0'), ('12687322', '13204177',  '1', '0')
-- 2024/11/08_15:51:53: Update of BioSource 7415 by user 794:
DELETE FROM ReactionInPathway WHERE `idReactionBioSource`='14166640';
-- 2024/11/08_15:51:53: Update of BioSource 7415 by user 794:
INSERT INTO ReactionInPathway (idPathway, idReactionBioSource) VALUES ('1447051', '14166640')
-- 2024/11/08_15:51:53: Update of BioSource 7415 by user 794:
DELETE FROM Catalyses WHERE `idReactionInBioSource`='14166640';
-- 2024/11/08_15:51:53: Update of BioSource 7415 by user 794:
DELETE FROM ReactionHasStatus WHERE `idReaction`='12687322';
-- 2024/11/08_15:52:36: Update of BioSource 7415 by user 794:
INSERT INTO Reaction (name, generic, type, ec, idDB, dbIdentifier, go, goName) VALUES ('bs_oaa5', '0', 'small', '', '6668', 'bs_oaa5', '', '');
-- 2024/11/08_15:52:36: Update of BioSource 7415 by user 794:
INSERT INTO ReactionInBioSource (idReaction, idBioSource, reversible, hole, upperBound, lowerBound, fast) VALUES ('12687325', '7415','0', '0', '9999', '0', '0')
-- 2024/11/08_15:52:36: Update of BioSource 7415 by user 794:
INSERT INTO LeftParticipant (idReaction, idMetabolite, coeff,  side) VALUES ('12687325', '13204164',  '1', '0')
-- 2024/11/08_15:52:36: Update of BioSource 7415 by user 794:
INSERT INTO RightParticipant (idReaction, idMetabolite, coeff, side) VALUES ('12687325', '13204185',  '1', '0')
-- 2024/11/08_15:52:36: Update of BioSource 7415 by user 794:
INSERT INTO ReactionInPathway (idPathway, idReactionBioSource) VALUES ('1447051', '14166643')
-- 2024/11/08_15:53:44: Update of BioSource 7415 by user 794:
INSERT INTO Reaction (name, generic, type, ec, idDB, dbIdentifier, go, goName) VALUES ('bs_oaa7', '0', 'small', '', '6668', 'bs_oaa7', '', '');
-- 2024/11/08_15:53:44: Update of BioSource 7415 by user 794:
INSERT INTO ReactionInBioSource (idReaction, idBioSource, reversible, hole, upperBound, lowerBound, fast) VALUES ('12687326', '7415','0', '0', '9999', '0', '0')
-- 2024/11/08_15:53:44: Update of BioSource 7415 by user 794:
INSERT INTO LeftParticipant (idReaction, idMetabolite, coeff,  side) VALUES ('12687326', '13204164',  '1', '0')
-- 2024/11/08_15:53:44: Update of BioSource 7415 by user 794:
INSERT INTO RightParticipant (idReaction, idMetabolite, coeff, side) VALUES ('12687326', '13204184',  '1', '0')
-- 2024/11/08_15:53:44: Update of BioSource 7415 by user 794:
INSERT INTO ReactionInPathway (idPathway, idReactionBioSource) VALUES ('1447051', '14166644')
-- 2024/11/13_14:53:52: Update of BioSource 7415 by user 794:
INSERT INTO Metabolite (name, chemicalFormula, weight, generic, idDB, dbIdentifier, charge) VALUES ('Orn','','NA','NA','6668','Orn','0');
-- 2024/11/13_14:53:52: Update of BioSource 7415 by user 794:
INSERT INTO MetaboliteInCompartment (idMetabolite, idCompartmentInBioSource) VALUES ('13247864', '39447');
-- 2024/11/13_14:53:52: Update of BioSource 7415 by user 794:
INSERT INTO MetaboliteInBioSource (idBioSource, idMetabolite, boundaryCondition, sideCompound, constant, hasOnlySubstanceUnit, substanceUnit, initialQuantity) VALUES ('7415', '13247864', '0', '0', '1', '0', 'NA', '0');
-- 2024/11/13_14:56:06: Update of BioSource 7415 by user 794:
UPDATE Reaction SET `name`='bs_akg4', `generic`='0', `ec`='', `dbIdentifier`='bs_akg4', `go`='', `goName`='' WHERE `Reaction`.`id`='12687289';
-- 2024/11/13_14:56:06: Update of BioSource 7415 by user 794:
UPDATE `ReactionInBioSource` SET `reversible`='0', `hole`='0', `upperBound`='9999', `lowerBound`='0' WHERE  `ReactionInBioSource`.`idReaction`='12687289' AND `ReactionInBioSource`.`idBioSource`='7415' ;
-- 2024/11/13_14:56:06: Update of BioSource 7415 by user 794:
DELETE FROM RightParticipant WHERE idReaction='12687289';
-- 2024/11/13_14:56:06: Update of BioSource 7415 by user 794:
INSERT INTO RightParticipant (idReaction, idMetabolite, coeff, side) VALUES ('12687289', '13247864',  '1', '0')
-- 2024/11/13_14:56:06: Update of BioSource 7415 by user 794:
DELETE FROM ReactionInPathway WHERE `idReactionBioSource`='14166607';
-- 2024/11/13_14:56:06: Update of BioSource 7415 by user 794:
INSERT INTO ReactionInPathway (idPathway, idReactionBioSource) VALUES ('1447051', '14166607')
-- 2024/11/13_14:56:06: Update of BioSource 7415 by user 794:
DELETE FROM Catalyses WHERE `idReactionInBioSource`='14166607';
-- 2024/11/13_14:56:06: Update of BioSource 7415 by user 794:
DELETE FROM ReactionHasStatus WHERE `idReaction`='12687289';
-- 2024/11/13_14:56:47: Update of BioSource 7415 by user 794:
INSERT INTO Reaction (name, generic, type, ec, idDB, dbIdentifier, go, goName) VALUES ('bs_akg5', '0', 'small', '', '6668', 'bs_akg5', '', '');
-- 2024/11/13_14:56:47: Update of BioSource 7415 by user 794:
INSERT INTO ReactionInBioSource (idReaction, idBioSource, reversible, hole, upperBound, lowerBound, fast) VALUES ('12738146', '7415','0', '0', '9999', '0', '0')
-- 2024/11/13_14:56:47: Update of BioSource 7415 by user 794:
INSERT INTO LeftParticipant (idReaction, idMetabolite, coeff,  side) VALUES ('12738146', '13247864',  '1', '0')
-- 2024/11/13_14:56:47: Update of BioSource 7415 by user 794:
INSERT INTO RightParticipant (idReaction, idMetabolite, coeff, side) VALUES ('12738146', '13204170',  '1', '0')
-- 2024/11/13_15:10:26: Update of BioSource 7415 by user 794:
UPDATE Reaction SET `name`='bs_oaa7', `generic`='0', `ec`='', `dbIdentifier`='bs_oaa7', `go`='', `goName`='' WHERE `Reaction`.`id`='12687326';
-- 2024/11/13_15:10:26: Update of BioSource 7415 by user 794:
UPDATE `ReactionInBioSource` SET `reversible`='0', `hole`='0', `upperBound`='9999', `lowerBound`='0' WHERE  `ReactionInBioSource`.`idReaction`='12687326' AND `ReactionInBioSource`.`idBioSource`='7415' ;
-- 2024/11/13_15:10:26: Update of BioSource 7415 by user 794:
DELETE FROM RightParticipant WHERE idReaction='12687326';
-- 2024/11/13_15:10:26: Update of BioSource 7415 by user 794:
INSERT INTO RightParticipant (idReaction, idMetabolite, coeff, side) VALUES ('12687326', '13204184',  '1', '0')
-- 2024/11/13_15:10:26: Update of BioSource 7415 by user 794:
DELETE FROM ReactionInPathway WHERE `idReactionBioSource`='14166644';
-- 2024/11/13_15:10:26: Update of BioSource 7415 by user 794:
INSERT INTO ReactionInPathway (idPathway, idReactionBioSource) VALUES ('1447051', '14166644')
-- 2024/11/13_15:10:26: Update of BioSource 7415 by user 794:
DELETE FROM Catalyses WHERE `idReactionInBioSource`='14166644';
-- 2024/11/13_15:10:26: Update of BioSource 7415 by user 794:
DELETE FROM ReactionHasStatus WHERE `idReaction`='12687326';
-- 2024/11/13_15:13:11: Update of BioSource 7415 by user 794:
INSERT INTO Metabolite (name, chemicalFormula, weight, generic, idDB, dbIdentifier, charge) VALUES ('Agm','','NA','NA','6668','Agm','0');
-- 2024/11/13_15:13:11: Update of BioSource 7415 by user 794:
INSERT INTO MetaboliteInCompartment (idMetabolite, idCompartmentInBioSource) VALUES ('13247865', '39447');
-- 2024/11/13_15:13:11: Update of BioSource 7415 by user 794:
INSERT INTO MetaboliteInBioSource (idBioSource, idMetabolite, boundaryCondition, sideCompound, constant, hasOnlySubstanceUnit, substanceUnit, initialQuantity) VALUES ('7415', '13247865', '0', '0', '1', '0', 'NA', '0');
-- 2024/11/13_15:13:31: Update of BioSource 7415 by user 794:
INSERT INTO Metabolite (name, chemicalFormula, weight, generic, idDB, dbIdentifier, charge) VALUES ('Urea','','NA','NA','6668','Urea','0');
-- 2024/11/13_15:13:31: Update of BioSource 7415 by user 794:
INSERT INTO MetaboliteInCompartment (idMetabolite, idCompartmentInBioSource) VALUES ('13247866', '39447');
-- 2024/11/13_15:13:31: Update of BioSource 7415 by user 794:
INSERT INTO MetaboliteInBioSource (idBioSource, idMetabolite, boundaryCondition, sideCompound, constant, hasOnlySubstanceUnit, substanceUnit, initialQuantity) VALUES ('7415', '13247866', '0', '0', '1', '0', 'NA', '0');
-- 2024/11/13_15:14:14: Update of BioSource 7415 by user 794:
INSERT INTO Metabolite (name, chemicalFormula, weight, generic, idDB, dbIdentifier, charge) VALUES ('Spermidine','','NA','NA','6668','Spermidine','0');
-- 2024/11/13_15:14:14: Update of BioSource 7415 by user 794:
INSERT INTO MetaboliteInCompartment (idMetabolite, idCompartmentInBioSource) VALUES ('13247867', '39447');
-- 2024/11/13_15:14:14: Update of BioSource 7415 by user 794:
INSERT INTO MetaboliteInBioSource (idBioSource, idMetabolite, boundaryCondition, sideCompound, constant, hasOnlySubstanceUnit, substanceUnit, initialQuantity) VALUES ('7415', '13247867', '0', '0', '1', '0', 'NA', '0');
-- 2024/11/13_15:14:31: Update of BioSource 7415 by user 794:
INSERT INTO Metabolite (name, chemicalFormula, weight, generic, idDB, dbIdentifier, charge) VALUES ('Putrescine','','NA','NA','6668','Putrescine','0');
-- 2024/11/13_15:14:31: Update of BioSource 7415 by user 794:
INSERT INTO MetaboliteInCompartment (idMetabolite, idCompartmentInBioSource) VALUES ('13247868', '39447');
-- 2024/11/13_15:14:31: Update of BioSource 7415 by user 794:
INSERT INTO MetaboliteInBioSource (idBioSource, idMetabolite, boundaryCondition, sideCompound, constant, hasOnlySubstanceUnit, substanceUnit, initialQuantity) VALUES ('7415', '13247868', '0', '0', '1', '0', 'NA', '0');
-- 2024/11/13_15:14:55: Update of BioSource 7415 by user 794:
INSERT INTO Metabolite (name, chemicalFormula, weight, generic, idDB, dbIdentifier, charge) VALUES ('SAM','','NA','NA','6668','SAM','0');
-- 2024/11/13_15:14:55: Update of BioSource 7415 by user 794:
INSERT INTO MetaboliteInCompartment (idMetabolite, idCompartmentInBioSource) VALUES ('13247869', '39447');
-- 2024/11/13_15:14:55: Update of BioSource 7415 by user 794:
INSERT INTO MetaboliteInBioSource (idBioSource, idMetabolite, boundaryCondition, sideCompound, constant, hasOnlySubstanceUnit, substanceUnit, initialQuantity) VALUES ('7415', '13247869', '0', '0', '1', '0', 'NA', '0');
-- 2024/11/13_15:15:12: Update of BioSource 7415 by user 794:
INSERT INTO Metabolite (name, chemicalFormula, weight, generic, idDB, dbIdentifier, charge) VALUES ('SAMp','','NA','NA','6668','SAMp','0');
-- 2024/11/13_15:15:12: Update of BioSource 7415 by user 794:
INSERT INTO MetaboliteInCompartment (idMetabolite, idCompartmentInBioSource) VALUES ('13247870', '39447');
-- 2024/11/13_15:15:12: Update of BioSource 7415 by user 794:
INSERT INTO MetaboliteInBioSource (idBioSource, idMetabolite, boundaryCondition, sideCompound, constant, hasOnlySubstanceUnit, substanceUnit, initialQuantity) VALUES ('7415', '13247870', '0', '0', '1', '0', 'NA', '0');
-- 2024/11/13_15:15:35: Update of BioSource 7415 by user 794:
INSERT INTO Metabolite (name, chemicalFormula, weight, generic, idDB, dbIdentifier, charge) VALUES ('Cadaverine','','NA','NA','6668','Cadaverine','0');
-- 2024/11/13_15:15:35: Update of BioSource 7415 by user 794:
INSERT INTO MetaboliteInCompartment (idMetabolite, idCompartmentInBioSource) VALUES ('13247871', '39447');
-- 2024/11/13_15:15:35: Update of BioSource 7415 by user 794:
INSERT INTO MetaboliteInBioSource (idBioSource, idMetabolite, boundaryCondition, sideCompound, constant, hasOnlySubstanceUnit, substanceUnit, initialQuantity) VALUES ('7415', '13247871', '0', '0', '1', '0', 'NA', '0');
-- 2024/11/13_15:17:25: Update of BioSource 7415 by user 794:
INSERT INTO Metabolite (name, chemicalFormula, weight, generic, idDB, dbIdentifier, charge) VALUES ('SMTA','','NA','NA','6668','SMTA','0');
-- 2024/11/13_15:17:25: Update of BioSource 7415 by user 794:
INSERT INTO MetaboliteInCompartment (idMetabolite, idCompartmentInBioSource) VALUES ('13247872', '39447');
-- 2024/11/13_15:17:25: Update of BioSource 7415 by user 794:
INSERT INTO MetaboliteInBioSource (idBioSource, idMetabolite, boundaryCondition, sideCompound, constant, hasOnlySubstanceUnit, substanceUnit, initialQuantity) VALUES ('7415', '13247872', '0', '0', '1', '0', 'NA', '0');
-- 2024/11/13_15:18:43: Update of BioSource 7415 by user 794:
INSERT INTO Metabolite (name, chemicalFormula, weight, generic, idDB, dbIdentifier, charge) VALUES ('aminopcad','','NA','NA','6668','aminopcad','0');
-- 2024/11/13_15:18:43: Update of BioSource 7415 by user 794:
INSERT INTO MetaboliteInCompartment (idMetabolite, idCompartmentInBioSource) VALUES ('13247873', '39447');
-- 2024/11/13_15:18:43: Update of BioSource 7415 by user 794:
INSERT INTO MetaboliteInBioSource (idBioSource, idMetabolite, boundaryCondition, sideCompound, constant, hasOnlySubstanceUnit, substanceUnit, initialQuantity) VALUES ('7415', '13247873', '0', '0', '1', '0', 'NA', '0');
-- 2024/11/13_15:19:17: Update of BioSource 7415 by user 794:
INSERT INTO Metabolite (name, chemicalFormula, weight, generic, idDB, dbIdentifier, charge) VALUES ('Acetylsperm','','NA','NA','6668','Acetylsperm','0');
-- 2024/11/13_15:19:17: Update of BioSource 7415 by user 794:
INSERT INTO MetaboliteInCompartment (idMetabolite, idCompartmentInBioSource) VALUES ('13247874', '39447');
-- 2024/11/13_15:19:17: Update of BioSource 7415 by user 794:
INSERT INTO MetaboliteInBioSource (idBioSource, idMetabolite, boundaryCondition, sideCompound, constant, hasOnlySubstanceUnit, substanceUnit, initialQuantity) VALUES ('7415', '13247874', '0', '0', '1', '0', 'NA', '0');
-- 2024/11/13_15:20:06: Update of BioSource 7415 by user 794:
INSERT INTO Pathway (name, dbIdentifier, idDB) VALUES ('Polyamines','Polyamines','6668');
-- 2024/11/13_15:20:06: Update of BioSource 7415 by user 794:
INSERT INTO PathwayInBioSource (idPathway, idBioSource) VALUES ('1449971', '7415')
-- 2024/11/13_15:20:43: Update of BioSource 7415 by user 794:
INSERT INTO Reaction (name, generic, type, ec, idDB, dbIdentifier, go, goName) VALUES ('SpeA', '0', 'small', '', '6668', 'SpeA', '', '');
-- 2024/11/13_15:20:43: Update of BioSource 7415 by user 794:
INSERT INTO ReactionInBioSource (idReaction, idBioSource, reversible, hole, upperBound, lowerBound, fast) VALUES ('12738147', '7415','0', '0', '9999', '0', '0')
-- 2024/11/13_15:20:43: Update of BioSource 7415 by user 794:
INSERT INTO LeftParticipant (idReaction, idMetabolite, coeff,  side) VALUES ('12738147', '13204170',  '1', '0')
-- 2024/11/13_15:20:43: Update of BioSource 7415 by user 794:
INSERT INTO RightParticipant (idReaction, idMetabolite, coeff, side) VALUES ('12738147', '13247865',  '1', '0'), ('12738147', '13204177',  '1', '0')
-- 2024/11/13_15:20:43: Update of BioSource 7415 by user 794:
INSERT INTO ReactionInPathway (idPathway, idReactionBioSource) VALUES ('1449971', '14217465')
-- 2024/11/13_15:21:25: Update of BioSource 7415 by user 794:
INSERT INTO Reaction (name, generic, type, ec, idDB, dbIdentifier, go, goName) VALUES ('SpeB', '0', 'small', '', '6668', 'SpeB', '', '');
-- 2024/11/13_15:21:25: Update of BioSource 7415 by user 794:
INSERT INTO ReactionInBioSource (idReaction, idBioSource, reversible, hole, upperBound, lowerBound, fast) VALUES ('12738148', '7415','0', '0', '9999', '0', '0')
-- 2024/11/13_15:21:25: Update of BioSource 7415 by user 794:
INSERT INTO LeftParticipant (idReaction, idMetabolite, coeff,  side) VALUES ('12738148', '13247865',  '1', '0')
-- 2024/11/13_15:21:25: Update of BioSource 7415 by user 794:
INSERT INTO RightParticipant (idReaction, idMetabolite, coeff, side) VALUES ('12738148', '13247866',  '1', '0'), ('12738148', '13247868',  '1', '0')
-- 2024/11/13_15:21:25: Update of BioSource 7415 by user 794:
INSERT INTO ReactionInPathway (idPathway, idReactionBioSource) VALUES ('1449971', '14217466')
-- 2024/11/13_15:22:00: Update of BioSource 7415 by user 794:
INSERT INTO Reaction (name, generic, type, ec, idDB, dbIdentifier, go, goName) VALUES ('SpeC', '0', 'small', '', '6668', 'SpeC', '', '');
-- 2024/11/13_15:22:00: Update of BioSource 7415 by user 794:
INSERT INTO ReactionInBioSource (idReaction, idBioSource, reversible, hole, upperBound, lowerBound, fast) VALUES ('12738149', '7415','0', '0', '9999', '0', '0')
-- 2024/11/13_15:22:00: Update of BioSource 7415 by user 794:
INSERT INTO LeftParticipant (idReaction, idMetabolite, coeff,  side) VALUES ('12738149', '13247864',  '1', '0')
-- 2024/11/13_15:22:00: Update of BioSource 7415 by user 794:
INSERT INTO RightParticipant (idReaction, idMetabolite, coeff, side) VALUES ('12738149', '13247868',  '1', '0'), ('12738149', '13204177',  '1', '0')
-- 2024/11/13_15:22:00: Update of BioSource 7415 by user 794:
INSERT INTO ReactionInPathway (idPathway, idReactionBioSource) VALUES ('1449971', '14217467')
-- 2024/11/13_15:23:21: Update of BioSource 7415 by user 794:
INSERT INTO Reaction (name, generic, type, ec, idDB, dbIdentifier, go, goName) VALUES ('SpeD', '0', 'small', '', '6668', 'SpeD', '', '');
-- 2024/11/13_15:23:21: Update of BioSource 7415 by user 794:
INSERT INTO ReactionInBioSource (idReaction, idBioSource, reversible, hole, upperBound, lowerBound, fast) VALUES ('12738150', '7415','0', '0', '9999', '0', '0')
-- 2024/11/13_15:23:21: Update of BioSource 7415 by user 794:
INSERT INTO LeftParticipant (idReaction, idMetabolite, coeff,  side) VALUES ('12738150', '13247869',  '1', '0')
-- 2024/11/13_15:23:21: Update of BioSource 7415 by user 794:
INSERT INTO RightParticipant (idReaction, idMetabolite, coeff, side) VALUES ('12738150', '13247870',  '1', '0'), ('12738150', '13204177',  '1', '0')
-- 2024/11/13_15:23:21: Update of BioSource 7415 by user 794:
INSERT INTO ReactionInPathway (idPathway, idReactionBioSource) VALUES ('1449971', '14217468')
-- 2024/11/13_15:24:09: Update of BioSource 7415 by user 794:
INSERT INTO Reaction (name, generic, type, ec, idDB, dbIdentifier, go, goName) VALUES ('bs_SAM', '0', 'small', '', '6668', 'bs_SAM', '', '');
-- 2024/11/13_15:24:09: Update of BioSource 7415 by user 794:
INSERT INTO ReactionInBioSource (idReaction, idBioSource, reversible, hole, upperBound, lowerBound, fast) VALUES ('12738151', '7415','0', '0', '9999', '0', '0')
-- 2024/11/13_15:24:09: Update of BioSource 7415 by user 794:
INSERT INTO LeftParticipant (idReaction, idMetabolite, coeff,  side) VALUES ('12738151', '13204180',  '1', '0'), ('12738151', '13204171',  '1', '0')
-- 2024/11/13_15:24:09: Update of BioSource 7415 by user 794:
INSERT INTO RightParticipant (idReaction, idMetabolite, coeff, side) VALUES ('12738151', '13247869',  '1', '0')
-- 2024/11/13_15:24:09: Update of BioSource 7415 by user 794:
INSERT INTO ReactionInPathway (idPathway, idReactionBioSource) VALUES ('1449971', '14217469')
-- 2024/11/13_15:25:03: Update of BioSource 7415 by user 794:
INSERT INTO Reaction (name, generic, type, ec, idDB, dbIdentifier, go, goName) VALUES ('IdcC', '0', 'small', '', '6668', 'IdcC', '', '');
-- 2024/11/13_15:25:03: Update of BioSource 7415 by user 794:
INSERT INTO ReactionInBioSource (idReaction, idBioSource, reversible, hole, upperBound, lowerBound, fast) VALUES ('12738152', '7415','0', '0', '9999', '0', '0')
-- 2024/11/13_15:25:03: Update of BioSource 7415 by user 794:
INSERT INTO LeftParticipant (idReaction, idMetabolite, coeff,  side) VALUES ('12738152', '13204188',  '1', '0')
-- 2024/11/13_15:25:03: Update of BioSource 7415 by user 794:
INSERT INTO RightParticipant (idReaction, idMetabolite, coeff, side) VALUES ('12738152', '13247871',  '1', '0'), ('12738152', '13204177',  '1', '0')
-- 2024/11/13_15:25:03: Update of BioSource 7415 by user 794:
INSERT INTO ReactionInPathway (idPathway, idReactionBioSource) VALUES ('1449971', '14217470')
-- 2024/11/13_15:26:33: Update of BioSource 7415 by user 794:
INSERT INTO Reaction (name, generic, type, ec, idDB, dbIdentifier, go, goName) VALUES ('SpeEa', '0', 'small', '', '6668', 'SpeEa', '', '');
-- 2024/11/13_15:26:33: Update of BioSource 7415 by user 794:
INSERT INTO ReactionInBioSource (idReaction, idBioSource, reversible, hole, upperBound, lowerBound, fast) VALUES ('12738153', '7415','0', '0', '9999', '0', '0')
-- 2024/11/13_15:26:33: Update of BioSource 7415 by user 794:
INSERT INTO LeftParticipant (idReaction, idMetabolite, coeff,  side) VALUES ('12738153', '13247868',  '1', '0'), ('12738153', '13247870',  '1', '0')
-- 2024/11/13_15:26:33: Update of BioSource 7415 by user 794:
INSERT INTO RightParticipant (idReaction, idMetabolite, coeff, side) VALUES ('12738153', '13247867',  '1', '0'), ('12738153', '13247872',  '1', '0')
-- 2024/11/13_15:26:33: Update of BioSource 7415 by user 794:
INSERT INTO ReactionInPathway (idPathway, idReactionBioSource) VALUES ('1449971', '14217471')
-- 2024/11/13_15:27:29: Update of BioSource 7415 by user 794:
INSERT INTO Reaction (name, generic, type, ec, idDB, dbIdentifier, go, goName) VALUES ('SpeEb', '0', 'small', '', '6668', 'SpeEb', '', '');
-- 2024/11/13_15:27:29: Update of BioSource 7415 by user 794:
INSERT INTO ReactionInBioSource (idReaction, idBioSource, reversible, hole, upperBound, lowerBound, fast) VALUES ('12738154', '7415','0', '0', '9999', '0', '0')
-- 2024/11/13_15:27:29: Update of BioSource 7415 by user 794:
INSERT INTO LeftParticipant (idReaction, idMetabolite, coeff,  side) VALUES ('12738154', '13247871',  '1', '0'), ('12738154', '13247870',  '1', '0')
-- 2024/11/13_15:27:29: Update of BioSource 7415 by user 794:
INSERT INTO RightParticipant (idReaction, idMetabolite, coeff, side) VALUES ('12738154', '13247873',  '1', '0'), ('12738154', '13247872',  '1', '0')
-- 2024/11/13_15:27:29: Update of BioSource 7415 by user 794:
INSERT INTO ReactionInPathway (idPathway, idReactionBioSource) VALUES ('1449971', '14217472')
-- 2024/11/13_15:28:21: Update of BioSource 7415 by user 794:
INSERT INTO Reaction (name, generic, type, ec, idDB, dbIdentifier, go, goName) VALUES ('SpeG', '0', 'small', '', '6668', 'SpeG', '', '');
-- 2024/11/13_15:28:21: Update of BioSource 7415 by user 794:
INSERT INTO ReactionInBioSource (idReaction, idBioSource, reversible, hole, upperBound, lowerBound, fast) VALUES ('12738155', '7415','0', '0', '9999', '0', '0')
-- 2024/11/13_15:28:21: Update of BioSource 7415 by user 794:
INSERT INTO LeftParticipant (idReaction, idMetabolite, coeff,  side) VALUES ('12738155', '13247867',  '1', '0'), ('12738155', '13204187',  '1', '0')
-- 2024/11/13_15:28:21: Update of BioSource 7415 by user 794:
INSERT INTO RightParticipant (idReaction, idMetabolite, coeff, side) VALUES ('12738155', '13247874',  '1', '0')
-- 2024/11/13_15:28:21: Update of BioSource 7415 by user 794:
INSERT INTO ReactionInPathway (idPathway, idReactionBioSource) VALUES ('1449971', '14217473')
-- 2024/11/15_12:22:04: Update of BioSource 7415 by user 794:
UPDATE Metabolite SET name='dcSAM', chemicalFormula='', weight='NaN', generic='0', dbIdentifier='SAMp', charge='0' WHERE id=13247870;
-- 2024/11/15_12:22:04: Update of BioSource 7415 by user 794:
UPDATE MetaboliteInCompartment SET idCompartmentInBioSource='39447' WHERE idMetabolite='13247870';
-- 2024/11/15_12:22:04: Update of BioSource 7415 by user 794:
UPDATE MetaboliteInBioSource SET boundaryCondition='0', sideCompound='0', constant='1' WHERE idBioSource='7415' AND idMetabolite='13247870';
-- 2024/11/15_12:22:04: Update of BioSource 7415 by user 794:
DELETE FROM MetaboliteIdentifiers WHERE idMetabolite='13247870';
-- 2024/11/15_12:22:04: Update of BioSource 7415 by user 794:
INSERT INTO  MetaboliteIdentifiers (idMetabolite, extDBName, extID, origin, score) VALUES
-- 2024/11/15_12:23:44: Update of BioSource 7415 by user 794:
UPDATE Reaction SET `name`='bs_oaa7', `generic`='0', `ec`='', `dbIdentifier`='bs_oaa7', `go`='', `goName`='' WHERE `Reaction`.`id`='12687326';
-- 2024/11/15_12:23:44: Update of BioSource 7415 by user 794:
UPDATE `ReactionInBioSource` SET `reversible`='0', `hole`='0', `upperBound`='9999', `lowerBound`='0' WHERE  `ReactionInBioSource`.`idReaction`='12687326' AND `ReactionInBioSource`.`idBioSource`='7415' ;
-- 2024/11/15_12:23:44: Update of BioSource 7415 by user 794:
DELETE FROM RightParticipant WHERE idReaction='12687326';
-- 2024/11/15_12:23:44: Update of BioSource 7415 by user 794:
INSERT INTO RightParticipant (idReaction, idMetabolite, coeff, side) VALUES ('12687326', '13204184',  '1', '0')
-- 2024/11/15_12:23:44: Update of BioSource 7415 by user 794:
DELETE FROM ReactionInPathway WHERE `idReactionBioSource`='14166644';
-- 2024/11/15_12:23:44: Update of BioSource 7415 by user 794:
INSERT INTO ReactionInPathway (idPathway, idReactionBioSource) VALUES ('1447051', '14166644')
-- 2024/11/15_12:23:44: Update of BioSource 7415 by user 794:
DELETE FROM Catalyses WHERE `idReactionInBioSource`='14166644';
-- 2024/11/15_12:23:44: Update of BioSource 7415 by user 794:
DELETE FROM ReactionHasStatus WHERE `idReaction`='12687326';
-- 2024/11/15_12:26:50: Update of BioSource 7415 by user 794:
UPDATE Reaction SET `name`='bs_oaa7', `generic`='0', `ec`='', `dbIdentifier`='bs_oaa7', `go`='', `goName`='' WHERE `Reaction`.`id`='12687326';
-- 2024/11/15_12:26:50: Update of BioSource 7415 by user 794:
UPDATE `ReactionInBioSource` SET `reversible`='0', `hole`='0', `upperBound`='9999', `lowerBound`='0' WHERE  `ReactionInBioSource`.`idReaction`='12687326' AND `ReactionInBioSource`.`idBioSource`='7415' ;
-- 2024/11/15_12:26:50: Update of BioSource 7415 by user 794:
DELETE FROM RightParticipant WHERE idReaction='12687326';
-- 2024/11/15_12:26:50: Update of BioSource 7415 by user 794:
INSERT INTO RightParticipant (idReaction, idMetabolite, coeff, side) VALUES ('12687326', '13204184',  '1', '0')
-- 2024/11/15_12:26:50: Update of BioSource 7415 by user 794:
DELETE FROM ReactionInPathway WHERE `idReactionBioSource`='14166644';
-- 2024/11/15_12:26:50: Update of BioSource 7415 by user 794:
INSERT INTO ReactionInPathway (idPathway, idReactionBioSource) VALUES ('1447051', '14166644')
-- 2024/11/15_12:26:50: Update of BioSource 7415 by user 794:
DELETE FROM Catalyses WHERE `idReactionInBioSource`='14166644';
-- 2024/11/15_12:26:50: Update of BioSource 7415 by user 794:
DELETE FROM ReactionHasStatus WHERE `idReaction`='12687326';
-- 2024/11/15_12:30:04: Update of BioSource 7415 by user 794:
INSERT INTO Reaction (name, generic, type, ec, idDB, dbIdentifier, go, goName) VALUES ('bs_oaa7', '0', 'small', '', '6668', 'bs_oaa7', '', '');
-- 2024/11/15_12:30:04: Update of BioSource 7415 by user 794:
INSERT INTO ReactionInBioSource (idReaction, idBioSource, reversible, hole, upperBound, lowerBound, fast) VALUES ('12744257', '7415','0', '0', '9999', '0', '0')
-- 2024/11/15_12:30:04: Update of BioSource 7415 by user 794:
INSERT INTO LeftParticipant (idReaction, idMetabolite, coeff,  side) VALUES ('12744257', '13204186',  '1', '0')
-- 2024/11/15_12:30:04: Update of BioSource 7415 by user 794:
INSERT INTO RightParticipant (idReaction, idMetabolite, coeff, side) VALUES ('12744257', '13204184',  '1', '0')
-- 2024/11/15_12:30:04: Update of BioSource 7415 by user 794:
INSERT INTO ReactionInPathway (idPathway, idReactionBioSource) VALUES ('1447051', '14223575')
-- 2024/11/15_12:57:31: Update of BioSource 7415 by user 794:
INSERT INTO Metabolite (name, chemicalFormula, weight, generic, idDB, dbIdentifier, charge) VALUES ('Formate','','NA','NA','6668','Formate','0');
-- 2024/11/15_12:57:31: Update of BioSource 7415 by user 794:
INSERT INTO MetaboliteInCompartment (idMetabolite, idCompartmentInBioSource) VALUES ('13252367', '39447');
-- 2024/11/15_12:57:31: Update of BioSource 7415 by user 794:
INSERT INTO MetaboliteInBioSource (idBioSource, idMetabolite, boundaryCondition, sideCompound, constant, hasOnlySubstanceUnit, substanceUnit, initialQuantity) VALUES ('7415', '13252367', '0', '0', '1', '0', 'NA', '0');
-- 2024/11/15_12:58:42: Update of BioSource 7415 by user 794:
INSERT INTO Reaction (name, generic, type, ec, idDB, dbIdentifier, go, goName) VALUES ('Acs', '0', 'small', '', '6668', 'Acs', '', '');
-- 2024/11/15_12:58:42: Update of BioSource 7415 by user 794:
INSERT INTO ReactionInBioSource (idReaction, idBioSource, reversible, hole, upperBound, lowerBound, fast) VALUES ('12744258', '7415','0', '0', '9999', '0', '0')
-- 2024/11/15_12:58:42: Update of BioSource 7415 by user 794:
INSERT INTO LeftParticipant (idReaction, idMetabolite, coeff,  side) VALUES ('12744258', '13204187',  '1', '0')
-- 2024/11/15_12:58:42: Update of BioSource 7415 by user 794:
INSERT INTO RightParticipant (idReaction, idMetabolite, coeff, side) VALUES ('12744258', '13204165',  '1', '0')
-- 2024/11/15_12:58:42: Update of BioSource 7415 by user 794:
INSERT INTO ReactionInPathway (idPathway, idReactionBioSource) VALUES ('1447050', '14223576')
-- 2024/11/15_13:00:14: Update of BioSource 7415 by user 794:
INSERT INTO Metabolite (name, chemicalFormula, weight, generic, idDB, dbIdentifier, charge) VALUES ('EtOH','','NA','NA','6668','EtOH','0');
-- 2024/11/15_13:00:14: Update of BioSource 7415 by user 794:
INSERT INTO MetaboliteInCompartment (idMetabolite, idCompartmentInBioSource) VALUES ('13252368', '39447');
-- 2024/11/15_13:00:14: Update of BioSource 7415 by user 794:
INSERT INTO MetaboliteInBioSource (idBioSource, idMetabolite, boundaryCondition, sideCompound, constant, hasOnlySubstanceUnit, substanceUnit, initialQuantity) VALUES ('7415', '13252368', '0', '0', '1', '0', 'NA', '0');
-- 2024/11/15_13:00:33: Update of BioSource 7415 by user 794:
INSERT INTO Reaction (name, generic, type, ec, idDB, dbIdentifier, go, goName) VALUES ('pflB', '0', 'small', '', '6668', 'pflB', '', '');
-- 2024/11/15_13:00:33: Update of BioSource 7415 by user 794:
INSERT INTO ReactionInBioSource (idReaction, idBioSource, reversible, hole, upperBound, lowerBound, fast) VALUES ('12744259', '7415','0', '0', '9999', '0', '0')
-- 2024/11/15_13:00:33: Update of BioSource 7415 by user 794:
INSERT INTO LeftParticipant (idReaction, idMetabolite, coeff,  side) VALUES ('12744259', '13204189',  '1', '0')
-- 2024/11/15_13:00:33: Update of BioSource 7415 by user 794:
INSERT INTO RightParticipant (idReaction, idMetabolite, coeff, side) VALUES ('12744259', '13252367',  '1', '0')
-- 2024/11/15_13:01:05: Update of BioSource 7415 by user 794:
INSERT INTO Reaction (name, generic, type, ec, idDB, dbIdentifier, go, goName) VALUES ('Adh', '0', 'small', '', '6668', 'Adh', '', '');
-- 2024/11/15_13:01:05: Update of BioSource 7415 by user 794:
INSERT INTO ReactionInBioSource (idReaction, idBioSource, reversible, hole, upperBound, lowerBound, fast) VALUES ('12744260', '7415','0', '0', '9999', '0', '0')
-- 2024/11/15_13:01:05: Update of BioSource 7415 by user 794:
INSERT INTO LeftParticipant (idReaction, idMetabolite, coeff,  side) VALUES ('12744260', '13204187',  '1', '0')
-- 2024/11/15_13:01:05: Update of BioSource 7415 by user 794:
INSERT INTO RightParticipant (idReaction, idMetabolite, coeff, side) VALUES ('12744260', '13252368',  '1', '0')
-- 2024/11/15_13:01:05: Update of BioSource 7415 by user 794:
INSERT INTO ReactionInPathway (idPathway, idReactionBioSource) VALUES ('1447050', '14223578')
-- 2024/11/15_13:01:25: Update of BioSource 7415 by user 794:
UPDATE Reaction SET `name`='pflB', `generic`='0', `ec`='', `dbIdentifier`='pflB', `go`='', `goName`='' WHERE `Reaction`.`id`='12744259';
-- 2024/11/15_13:01:25: Update of BioSource 7415 by user 794:
UPDATE `ReactionInBioSource` SET `reversible`='0', `hole`='0', `upperBound`='9999', `lowerBound`='0' WHERE  `ReactionInBioSource`.`idReaction`='12744259' AND `ReactionInBioSource`.`idBioSource`='7415' ;
-- 2024/11/15_13:01:25: Update of BioSource 7415 by user 794:
DELETE FROM RightParticipant WHERE idReaction='12744259';
-- 2024/11/15_13:01:25: Update of BioSource 7415 by user 794:
INSERT INTO RightParticipant (idReaction, idMetabolite, coeff, side) VALUES ('12744259', '13252367',  '1', '0')
-- 2024/11/15_13:01:25: Update of BioSource 7415 by user 794:
DELETE FROM ReactionInPathway WHERE `idReactionBioSource`='14223577';
-- 2024/11/15_13:01:25: Update of BioSource 7415 by user 794:
INSERT INTO ReactionInPathway (idPathway, idReactionBioSource) VALUES ('1447050', '14223577')
-- 2024/11/15_13:01:25: Update of BioSource 7415 by user 794:
DELETE FROM Catalyses WHERE `idReactionInBioSource`='14223577';
-- 2024/11/15_13:01:25: Update of BioSource 7415 by user 794:
DELETE FROM ReactionHasStatus WHERE `idReaction`='12744259';
-- 2024/11/15_13:25:52: Update of BioSource 7415 by user 794:
INSERT INTO Metabolite (name, chemicalFormula, weight, generic, idDB, dbIdentifier, charge) VALUES ('HomoCys','','NA','NA','6668','HomoCys','0');
-- 2024/11/15_13:25:52: Update of BioSource 7415 by user 794:
INSERT INTO MetaboliteInCompartment (idMetabolite, idCompartmentInBioSource) VALUES ('13252369', '39447');
-- 2024/11/15_13:25:52: Update of BioSource 7415 by user 794:
INSERT INTO MetaboliteInBioSource (idBioSource, idMetabolite, boundaryCondition, sideCompound, constant, hasOnlySubstanceUnit, substanceUnit, initialQuantity) VALUES ('7415', '13252369', '0', '0', '1', '0', 'NA', '0');
-- 2024/11/15_13:26:15: Update of BioSource 7415 by user 794:
INSERT INTO Metabolite (name, chemicalFormula, weight, generic, idDB, dbIdentifier, charge) VALUES ('SAH','','NA','NA','6668','SAH','0');
-- 2024/11/15_13:26:15: Update of BioSource 7415 by user 794:
INSERT INTO MetaboliteInCompartment (idMetabolite, idCompartmentInBioSource) VALUES ('13252370', '39447');
-- 2024/11/15_13:26:15: Update of BioSource 7415 by user 794:
INSERT INTO MetaboliteInBioSource (idBioSource, idMetabolite, boundaryCondition, sideCompound, constant, hasOnlySubstanceUnit, substanceUnit, initialQuantity) VALUES ('7415', '13252370', '0', '0', '1', '0', 'NA', '0');
-- 2024/11/15_13:48:25: Update of BioSource 7415 by user 794:
INSERT INTO Metabolite (name, chemicalFormula, weight, generic, idDB, dbIdentifier, charge) VALUES ('HomoSer','','NA','NA','6668','HomoSer','0');
-- 2024/11/15_13:48:25: Update of BioSource 7415 by user 794:
INSERT INTO MetaboliteInCompartment (idMetabolite, idCompartmentInBioSource) VALUES ('13252371', '39447');
-- 2024/11/15_13:48:25: Update of BioSource 7415 by user 794:
INSERT INTO MetaboliteInBioSource (idBioSource, idMetabolite, boundaryCondition, sideCompound, constant, hasOnlySubstanceUnit, substanceUnit, initialQuantity) VALUES ('7415', '13252371', '0', '0', '1', '0', 'NA', '0');
-- 2024/11/15_13:49:03: Update of BioSource 7415 by user 794:
INSERT INTO Reaction (name, generic, type, ec, idDB, dbIdentifier, go, goName) VALUES ('bs_oaa8', '0', 'small', '', '6668', 'bs_oaa8', '', '');
-- 2024/11/15_13:49:03: Update of BioSource 7415 by user 794:
INSERT INTO ReactionInBioSource (idReaction, idBioSource, reversible, hole, upperBound, lowerBound, fast) VALUES ('12744261', '7415','0', '0', '9999', '0', '0')
-- 2024/11/15_13:49:03: Update of BioSource 7415 by user 794:
INSERT INTO LeftParticipant (idReaction, idMetabolite, coeff,  side) VALUES ('12744261', '13204186',  '1', '0')
-- 2024/11/15_13:49:03: Update of BioSource 7415 by user 794:
INSERT INTO RightParticipant (idReaction, idMetabolite, coeff, side) VALUES ('12744261', '13252371',  '1', '0')
-- 2024/11/15_13:49:03: Update of BioSource 7415 by user 794:
INSERT INTO ReactionInPathway (idPathway, idReactionBioSource) VALUES ('1447051', '14223579')
-- 2024/11/15_13:49:57: Update of BioSource 7415 by user 794:
INSERT INTO Metabolite (name, chemicalFormula, weight, generic, idDB, dbIdentifier, charge) VALUES ('mTHF','','NA','NA','6668','mTHF','0');
-- 2024/11/15_13:49:57: Update of BioSource 7415 by user 794:
INSERT INTO MetaboliteInCompartment (idMetabolite, idCompartmentInBioSource) VALUES ('13252372', '39447');
-- 2024/11/15_13:49:57: Update of BioSource 7415 by user 794:
INSERT INTO MetaboliteInBioSource (idBioSource, idMetabolite, boundaryCondition, sideCompound, constant, hasOnlySubstanceUnit, substanceUnit, initialQuantity) VALUES ('7415', '13252372', '0', '0', '1', '0', 'NA', '0');
-- 2024/11/15_13:50:30: Update of BioSource 7415 by user 794:
INSERT INTO Metabolite (name, chemicalFormula, weight, generic, idDB, dbIdentifier, charge) VALUES ('meTHF','','NA','NA','6668','meTHF','0');
-- 2024/11/15_13:50:30: Update of BioSource 7415 by user 794:
INSERT INTO MetaboliteInCompartment (idMetabolite, idCompartmentInBioSource) VALUES ('13252373', '39447');
-- 2024/11/15_13:50:30: Update of BioSource 7415 by user 794:
INSERT INTO MetaboliteInBioSource (idBioSource, idMetabolite, boundaryCondition, sideCompound, constant, hasOnlySubstanceUnit, substanceUnit, initialQuantity) VALUES ('7415', '13252373', '0', '0', '1', '0', 'NA', '0');
-- 2024/11/15_13:52:12: Update of BioSource 7415 by user 794:
INSERT INTO Metabolite (name, chemicalFormula, weight, generic, idDB, dbIdentifier, charge) VALUES ('THF','','NA','NA','6668','THF','0');
-- 2024/11/15_13:52:12: Update of BioSource 7415 by user 794:
INSERT INTO MetaboliteInCompartment (idMetabolite, idCompartmentInBioSource) VALUES ('13252374', '39447');
-- 2024/11/15_13:52:12: Update of BioSource 7415 by user 794:
INSERT INTO MetaboliteInBioSource (idBioSource, idMetabolite, boundaryCondition, sideCompound, constant, hasOnlySubstanceUnit, substanceUnit, initialQuantity) VALUES ('7415', '13252374', '0', '0', '1', '0', 'NA', '0');
-- 2024/11/15_13:53:32: Update of BioSource 7415 by user 794:
INSERT INTO Reaction (name, generic, type, ec, idDB, dbIdentifier, go, goName) VALUES ('bs_oaa6', '0', 'small', '', '6668', 'bs_oaa6', '', '');
-- 2024/11/15_13:53:32: Update of BioSource 7415 by user 794:
INSERT INTO ReactionInBioSource (idReaction, idBioSource, reversible, hole, upperBound, lowerBound, fast) VALUES ('12744262', '7415','0', '0', '9999', '0', '0')
-- 2024/11/15_13:53:32: Update of BioSource 7415 by user 794:
INSERT INTO LeftParticipant (idReaction, idMetabolite, coeff,  side) VALUES ('12744262', '13252373',  '1', '0'), ('12744262', '13252369',  '1', '0')
-- 2024/11/15_13:53:32: Update of BioSource 7415 by user 794:
INSERT INTO RightParticipant (idReaction, idMetabolite, coeff, side) VALUES ('12744262', '13204171',  '1', '0'), ('12744262', '13252374',  '1', '0')
-- 2024/11/15_13:53:32: Update of BioSource 7415 by user 794:
INSERT INTO ReactionInPathway (idPathway, idReactionBioSource) VALUES ('1447051', '14223580')
-- 2024/11/15_13:56:35: Update of BioSource 7415 by user 794:
UPDATE Reaction SET `name`='bs_pga3', `generic`='0', `ec`='', `dbIdentifier`='bs_pga3', `go`='', `goName`='' WHERE `Reaction`.`id`='12687293';
-- 2024/11/15_13:56:35: Update of BioSource 7415 by user 794:
UPDATE `ReactionInBioSource` SET `reversible`='0', `hole`='0', `upperBound`='9999', `lowerBound`='0' WHERE  `ReactionInBioSource`.`idReaction`='12687293' AND `ReactionInBioSource`.`idBioSource`='7415' ;
-- 2024/11/15_13:56:35: Update of BioSource 7415 by user 794:
DELETE FROM RightParticipant WHERE idReaction='12687293';
-- 2024/11/15_13:56:35: Update of BioSource 7415 by user 794:
INSERT INTO RightParticipant (idReaction, idMetabolite, coeff, side) VALUES ('12687293', '13204159',  '1.0', '0'), ('12687293', '13252373',  '1', '0')
-- 2024/11/15_13:56:35: Update of BioSource 7415 by user 794:
DELETE FROM ReactionInPathway WHERE `idReactionBioSource`='14166611';
-- 2024/11/15_13:56:35: Update of BioSource 7415 by user 794:
INSERT INTO ReactionInPathway (idPathway, idReactionBioSource) VALUES ('1447051', '14166611')
-- 2024/11/15_13:56:35: Update of BioSource 7415 by user 794:
DELETE FROM Catalyses WHERE `idReactionInBioSource`='14166611';
-- 2024/11/15_13:56:35: Update of BioSource 7415 by user 794:
DELETE FROM ReactionHasStatus WHERE `idReaction`='12687293';
-- 2024/11/15_13:59:32: Update of BioSource 7415 by user 794:
INSERT INTO Reaction (name, generic, type, ec, idDB, dbIdentifier, go, goName) VALUES ('MetF', '0', 'small', '', '6668', 'MetF', '', '');
-- 2024/11/15_13:59:32: Update of BioSource 7415 by user 794:
INSERT INTO ReactionInBioSource (idReaction, idBioSource, reversible, hole, upperBound, lowerBound, fast) VALUES ('12744263', '7415','1', '0', '9999', '-9999', '0')
-- 2024/11/15_13:59:32: Update of BioSource 7415 by user 794:
INSERT INTO LeftParticipant (idReaction, idMetabolite, coeff,  side) VALUES ('12744263', '13252372',  '1', '0')
-- 2024/11/15_13:59:32: Update of BioSource 7415 by user 794:
INSERT INTO RightParticipant (idReaction, idMetabolite, coeff, side) VALUES ('12744263', '13252373',  '1', '0')
-- 2024/11/15_14:01:23: Update of BioSource 7415 by user 794:
UPDATE Reaction SET `name`='bs_pga3', `generic`='0', `ec`='', `dbIdentifier`='bs_pga3', `go`='', `goName`='' WHERE `Reaction`.`id`='12687293';
-- 2024/11/15_14:01:23: Update of BioSource 7415 by user 794:
UPDATE `ReactionInBioSource` SET `reversible`='0', `hole`='0', `upperBound`='9999', `lowerBound`='0' WHERE  `ReactionInBioSource`.`idReaction`='12687293' AND `ReactionInBioSource`.`idBioSource`='7415' ;
-- 2024/11/15_14:01:23: Update of BioSource 7415 by user 794:
DELETE FROM RightParticipant WHERE idReaction='12687293';
-- 2024/11/15_14:01:23: Update of BioSource 7415 by user 794:
INSERT INTO RightParticipant (idReaction, idMetabolite, coeff, side) VALUES ('12687293', '13204159',  '1.0', '0'), ('12687293', '13252373',  '1', '0')
-- 2024/11/15_14:01:23: Update of BioSource 7415 by user 794:
DELETE FROM ReactionInPathway WHERE `idReactionBioSource`='14166611';
-- 2024/11/15_14:01:23: Update of BioSource 7415 by user 794:
INSERT INTO ReactionInPathway (idPathway, idReactionBioSource) VALUES ('1447051', '14166611')
-- 2024/11/15_14:01:23: Update of BioSource 7415 by user 794:
DELETE FROM Catalyses WHERE `idReactionInBioSource`='14166611';
-- 2024/11/15_14:01:23: Update of BioSource 7415 by user 794:
DELETE FROM ReactionHasStatus WHERE `idReaction`='12687293';
-- 2024/11/15_14:03:33: Update of BioSource 7415 by user 794:
UPDATE Reaction SET `name`='bs_oaa6', `generic`='0', `ec`='', `dbIdentifier`='bs_oaa6', `go`='', `goName`='' WHERE `Reaction`.`id`='12744262';
-- 2024/11/15_14:03:33: Update of BioSource 7415 by user 794:
UPDATE `ReactionInBioSource` SET `reversible`='0', `hole`='0', `upperBound`='9999', `lowerBound`='0' WHERE  `ReactionInBioSource`.`idReaction`='12744262' AND `ReactionInBioSource`.`idBioSource`='7415' ;
-- 2024/11/15_14:03:33: Update of BioSource 7415 by user 794:
DELETE FROM RightParticipant WHERE idReaction='12744262';
-- 2024/11/15_14:03:33: Update of BioSource 7415 by user 794:
INSERT INTO RightParticipant (idReaction, idMetabolite, coeff, side) VALUES ('12744262', '13204171',  '1', '0'), ('12744262', '13252374',  '1', '0')
-- 2024/11/15_14:03:33: Update of BioSource 7415 by user 794:
DELETE FROM ReactionInPathway WHERE `idReactionBioSource`='14223580';
-- 2024/11/15_14:03:33: Update of BioSource 7415 by user 794:
INSERT INTO ReactionInPathway (idPathway, idReactionBioSource) VALUES ('1447051', '14223580')
-- 2024/11/15_14:03:33: Update of BioSource 7415 by user 794:
DELETE FROM Catalyses WHERE `idReactionInBioSource`='14223580';
-- 2024/11/15_14:03:33: Update of BioSource 7415 by user 794:
DELETE FROM ReactionHasStatus WHERE `idReaction`='12744262';
-- 2024/11/15_14:04:08: Update of BioSource 7415 by user 794:
UPDATE Reaction SET `name`='bs_pga3', `generic`='0', `ec`='', `dbIdentifier`='bs_pga3', `go`='', `goName`='' WHERE `Reaction`.`id`='12687293';
-- 2024/11/15_14:04:08: Update of BioSource 7415 by user 794:
UPDATE `ReactionInBioSource` SET `reversible`='0', `hole`='0', `upperBound`='9999', `lowerBound`='0' WHERE  `ReactionInBioSource`.`idReaction`='12687293' AND `ReactionInBioSource`.`idBioSource`='7415' ;
-- 2024/11/15_14:04:08: Update of BioSource 7415 by user 794:
DELETE FROM RightParticipant WHERE idReaction='12687293';
-- 2024/11/15_14:04:08: Update of BioSource 7415 by user 794:
INSERT INTO RightParticipant (idReaction, idMetabolite, coeff, side) VALUES ('12687293', '13204159',  '1.0', '0'), ('12687293', '13252373',  '1', '0')
-- 2024/11/15_14:04:08: Update of BioSource 7415 by user 794:
DELETE FROM ReactionInPathway WHERE `idReactionBioSource`='14166611';
-- 2024/11/15_14:04:08: Update of BioSource 7415 by user 794:
INSERT INTO ReactionInPathway (idPathway, idReactionBioSource) VALUES ('1447051', '14166611')
-- 2024/11/15_14:04:08: Update of BioSource 7415 by user 794:
DELETE FROM Catalyses WHERE `idReactionInBioSource`='14166611';
-- 2024/11/15_14:04:08: Update of BioSource 7415 by user 794:
DELETE FROM ReactionHasStatus WHERE `idReaction`='12687293';
-- 2024/11/15_14:04:23: Update of BioSource 7415 by user 794:
UPDATE Reaction SET `name`='bs_pga3', `generic`='0', `ec`='', `dbIdentifier`='bs_pga3', `go`='', `goName`='' WHERE `Reaction`.`id`='12687293';
-- 2024/11/15_14:04:23: Update of BioSource 7415 by user 794:
UPDATE `ReactionInBioSource` SET `reversible`='0', `hole`='0', `upperBound`='9999', `lowerBound`='0' WHERE  `ReactionInBioSource`.`idReaction`='12687293' AND `ReactionInBioSource`.`idBioSource`='7415' ;
-- 2024/11/15_14:04:23: Update of BioSource 7415 by user 794:
DELETE FROM RightParticipant WHERE idReaction='12687293';
-- 2024/11/15_14:04:23: Update of BioSource 7415 by user 794:
INSERT INTO RightParticipant (idReaction, idMetabolite, coeff, side) VALUES ('12687293', '13204159',  '1.0', '0'), ('12687293', '13252373',  '1', '0')
-- 2024/11/15_14:04:23: Update of BioSource 7415 by user 794:
DELETE FROM ReactionInPathway WHERE `idReactionBioSource`='14166611';
-- 2024/11/15_14:04:23: Update of BioSource 7415 by user 794:
INSERT INTO ReactionInPathway (idPathway, idReactionBioSource) VALUES ('1447051', '14166611')
-- 2024/11/15_14:04:23: Update of BioSource 7415 by user 794:
DELETE FROM Catalyses WHERE `idReactionInBioSource`='14166611';
-- 2024/11/15_14:04:23: Update of BioSource 7415 by user 794:
DELETE FROM ReactionHasStatus WHERE `idReaction`='12687293';
-- 2024/11/15_14:04:30: Update of BioSource 7415 by user 794:
UPDATE Reaction SET `name`='bs_pga3', `generic`='0', `ec`='', `dbIdentifier`='bs_pga3', `go`='', `goName`='' WHERE `Reaction`.`id`='12687293';
-- 2024/11/15_14:04:30: Update of BioSource 7415 by user 794:
UPDATE `ReactionInBioSource` SET `reversible`='0', `hole`='0', `upperBound`='9999', `lowerBound`='0' WHERE  `ReactionInBioSource`.`idReaction`='12687293' AND `ReactionInBioSource`.`idBioSource`='7415' ;
-- 2024/11/15_14:04:30: Update of BioSource 7415 by user 794:
DELETE FROM RightParticipant WHERE idReaction='12687293';
-- 2024/11/15_14:04:30: Update of BioSource 7415 by user 794:
INSERT INTO RightParticipant (idReaction, idMetabolite, coeff, side) VALUES ('12687293', '13204159',  '1.0', '0'), ('12687293', '13252373',  '1', '0')
-- 2024/11/15_14:04:30: Update of BioSource 7415 by user 794:
DELETE FROM ReactionInPathway WHERE `idReactionBioSource`='14166611';
-- 2024/11/15_14:04:30: Update of BioSource 7415 by user 794:
INSERT INTO ReactionInPathway (idPathway, idReactionBioSource) VALUES ('1447051', '14166611')
-- 2024/11/15_14:04:30: Update of BioSource 7415 by user 794:
DELETE FROM Catalyses WHERE `idReactionInBioSource`='14166611';
-- 2024/11/15_14:04:30: Update of BioSource 7415 by user 794:
DELETE FROM ReactionHasStatus WHERE `idReaction`='12687293';
-- 2024/11/15_14:05:15: Update of BioSource 7415 by user 794:
INSERT INTO Reaction (name, generic, type, ec, idDB, dbIdentifier, go, goName) VALUES ('bs_pga3', '0', 'small', '', '6668', 'bs_pga3', '', '');
-- 2024/11/15_14:05:15: Update of BioSource 7415 by user 794:
INSERT INTO ReactionInBioSource (idReaction, idBioSource, reversible, hole, upperBound, lowerBound, fast) VALUES ('12744264', '7415','0', '0', '9999', '0', '0')
-- 2024/11/15_14:05:15: Update of BioSource 7415 by user 794:
INSERT INTO LeftParticipant (idReaction, idMetabolite, coeff,  side) VALUES ('12744264', '13204172',  '1', '0'), ('12744264', '13252374',  '1', '0')
-- 2024/11/15_14:05:15: Update of BioSource 7415 by user 794:
INSERT INTO RightParticipant (idReaction, idMetabolite, coeff, side) VALUES ('12744264', '13204159',  '1', '0'), ('12744264', '13252373',  '1', '0')
-- 2024/11/15_14:05:15: Update of BioSource 7415 by user 794:
INSERT INTO ReactionInPathway (idPathway, idReactionBioSource) VALUES ('1447051', '14223582')
-- 2024/11/15_14:05:37: Update of BioSource 7415 by user 794:
UPDATE Reaction SET `name`='bs_oaa6', `generic`='0', `ec`='', `dbIdentifier`='bs_oaa6', `go`='', `goName`='' WHERE `Reaction`.`id`='12744262';
-- 2024/11/15_14:05:37: Update of BioSource 7415 by user 794:
UPDATE `ReactionInBioSource` SET `reversible`='0', `hole`='0', `upperBound`='9999', `lowerBound`='0' WHERE  `ReactionInBioSource`.`idReaction`='12744262' AND `ReactionInBioSource`.`idBioSource`='7415' ;
-- 2024/11/15_14:05:37: Update of BioSource 7415 by user 794:
DELETE FROM RightParticipant WHERE idReaction='12744262';
-- 2024/11/15_14:05:37: Update of BioSource 7415 by user 794:
INSERT INTO RightParticipant (idReaction, idMetabolite, coeff, side) VALUES ('12744262', '13204171',  '1', '0'), ('12744262', '13252374',  '1', '0')
-- 2024/11/15_14:05:37: Update of BioSource 7415 by user 794:
DELETE FROM ReactionInPathway WHERE `idReactionBioSource`='14223580';
-- 2024/11/15_14:05:37: Update of BioSource 7415 by user 794:
INSERT INTO ReactionInPathway (idPathway, idReactionBioSource) VALUES ('1447051', '14223580')
-- 2024/11/15_14:05:37: Update of BioSource 7415 by user 794:
DELETE FROM Catalyses WHERE `idReactionInBioSource`='14223580';
-- 2024/11/15_14:05:37: Update of BioSource 7415 by user 794:
DELETE FROM ReactionHasStatus WHERE `idReaction`='12744262';
-- 2024/11/15_14:06:43: Update of BioSource 7415 by user 794:
INSERT INTO Reaction (name, generic, type, ec, idDB, dbIdentifier, go, goName) VALUES ('bs_oaa6', '0', 'small', '', '6668', 'bs_oaa6', '', '');
-- 2024/11/15_14:06:43: Update of BioSource 7415 by user 794:
INSERT INTO ReactionInBioSource (idReaction, idBioSource, reversible, hole, upperBound, lowerBound, fast) VALUES ('12744265', '7415','0', '0', '9999', '0', '0')
-- 2024/11/15_14:06:43: Update of BioSource 7415 by user 794:
INSERT INTO LeftParticipant (idReaction, idMetabolite, coeff,  side) VALUES ('12744265', '13252372',  '1', '0'), ('12744265', '13252369',  '1', '0')
-- 2024/11/15_14:06:43: Update of BioSource 7415 by user 794:
INSERT INTO RightParticipant (idReaction, idMetabolite, coeff, side) VALUES ('12744265', '13204171',  '1', '0'), ('12744265', '13252374',  '1', '0')
-- 2024/11/15_14:06:43: Update of BioSource 7415 by user 794:
INSERT INTO ReactionInPathway (idPathway, idReactionBioSource) VALUES ('1447051', '14223583')
-- 2024/11/15_14:15:09: Update of BioSource 7415 by user 794:
INSERT INTO Metabolite (name, chemicalFormula, weight, generic, idDB, dbIdentifier, charge) VALUES ('H2O','','NA','NA','6668','H2O','0');
-- 2024/11/15_14:15:09: Update of BioSource 7415 by user 794:
INSERT INTO MetaboliteInCompartment (idMetabolite, idCompartmentInBioSource) VALUES ('13252375', '39447');
-- 2024/11/15_14:15:09: Update of BioSource 7415 by user 794:
INSERT INTO MetaboliteInBioSource (idBioSource, idMetabolite, boundaryCondition, sideCompound, constant, hasOnlySubstanceUnit, substanceUnit, initialQuantity) VALUES ('7415', '13252375', '0', '0', '1', '0', 'NA', '0');
-- 2024/11/15_14:15:24: Update of BioSource 7415 by user 794:
INSERT INTO Metabolite (name, chemicalFormula, weight, generic, idDB, dbIdentifier, charge) VALUES ('adenosine','','NA','NA','6668','adenosine','0');
-- 2024/11/15_14:15:24: Update of BioSource 7415 by user 794:
INSERT INTO MetaboliteInCompartment (idMetabolite, idCompartmentInBioSource) VALUES ('13252376', '39447');
-- 2024/11/15_14:15:24: Update of BioSource 7415 by user 794:
INSERT INTO MetaboliteInBioSource (idBioSource, idMetabolite, boundaryCondition, sideCompound, constant, hasOnlySubstanceUnit, substanceUnit, initialQuantity) VALUES ('7415', '13252376', '0', '0', '1', '0', 'NA', '0');
-- 2024/11/15_14:18:24: Update of BioSource 7415 by user 794:
INSERT INTO Reaction (name, generic, type, ec, idDB, dbIdentifier, go, goName) VALUES ('adehc', '0', 'small', '', '6668', 'adehc', '', '');
-- 2024/11/15_14:18:24: Update of BioSource 7415 by user 794:
INSERT INTO ReactionInBioSource (idReaction, idBioSource, reversible, hole, upperBound, lowerBound, fast) VALUES ('12744266', '7415','0', '0', '9999', '0', '0')
-- 2024/11/15_14:18:24: Update of BioSource 7415 by user 794:
INSERT INTO LeftParticipant (idReaction, idMetabolite, coeff,  side) VALUES ('12744266', '13252370',  '1', '0'), ('12744266', '13252375',  '1', '0'), ('12744266', '13252376',  '1', '0')
-- 2024/11/15_14:18:24: Update of BioSource 7415 by user 794:
INSERT INTO RightParticipant (idReaction, idMetabolite, coeff, side) VALUES ('12744266', '13252369',  '1', '0')
-- 2024/11/15_14:19:55: Update of BioSource 7415 by user 794:
INSERT INTO Reaction (name, generic, type, ec, idDB, dbIdentifier, go, goName) VALUES ('SAMt', '0', 'small', '', '6668', 'SAMt', '', '');
-- 2024/11/15_14:19:55: Update of BioSource 7415 by user 794:
INSERT INTO ReactionInBioSource (idReaction, idBioSource, reversible, hole, upperBound, lowerBound, fast) VALUES ('12744267', '7415','0', '0', '9999', '0', '0')
-- 2024/11/15_14:19:55: Update of BioSource 7415 by user 794:
INSERT INTO LeftParticipant (idReaction, idMetabolite, coeff,  side) VALUES ('12744267', '13247869',  '1', '0')
-- 2024/11/15_14:19:55: Update of BioSource 7415 by user 794:
INSERT INTO RightParticipant (idReaction, idMetabolite, coeff, side) VALUES ('12744267', '13252370',  '1', '0')
-- 2024/11/15_14:29:30: Update of BioSource 7415 by user 794:
INSERT INTO Reaction (name, generic, type, ec, idDB, dbIdentifier, go, goName) VALUES ('metB', '0', 'small', '', '6668', 'metB', '', '');
-- 2024/11/15_14:29:30: Update of BioSource 7415 by user 794:
INSERT INTO ReactionInBioSource (idReaction, idBioSource, reversible, hole, upperBound, lowerBound, fast) VALUES ('12744268', '7415','0', '0', '9999', '0', '0')
-- 2024/11/15_14:29:30: Update of BioSource 7415 by user 794:
INSERT INTO LeftParticipant (idReaction, idMetabolite, coeff,  side) VALUES ('12744268', '13252371',  '1', '0'), ('12744268', '13204161',  '1', '0')
-- 2024/11/15_14:29:30: Update of BioSource 7415 by user 794:
INSERT INTO RightParticipant (idReaction, idMetabolite, coeff, side) VALUES ('12744268', '13204175',  '1', '0'), ('12744268', '13252369',  '1', '0')
-- 2024/11/15_14:29:30: Update of BioSource 7415 by user 794:
INSERT INTO ReactionInPathway (idPathway, idReactionBioSource) VALUES ('1447051', '14223586')
-- 2024/11/15_14:34:50: Update of BioSource 7415 by user 794:
INSERT INTO Reaction (name, generic, type, ec, idDB, dbIdentifier, go, goName) VALUES ('adeh', '0', 'small', '', '6668', 'adeh', '', '');
-- 2024/11/15_14:34:50: Update of BioSource 7415 by user 794:
INSERT INTO ReactionInBioSource (idReaction, idBioSource, reversible, hole, upperBound, lowerBound, fast) VALUES ('12744269', '7415','0', '0', '9999', '0', '0')
-- 2024/11/15_14:34:50: Update of BioSource 7415 by user 794:
INSERT INTO LeftParticipant (idReaction, idMetabolite, coeff,  side) VALUES ('12744269', '13252370',  '1', '0'), ('12744269', '13252375',  '1', '0')
-- 2024/11/15_14:34:50: Update of BioSource 7415 by user 794:
INSERT INTO RightParticipant (idReaction, idMetabolite, coeff, side) VALUES ('12744269', '13252369',  '1', '0'), ('12744269', '13252376',  '1', '0')
-- 2024/12/04_14:44:15: Update of BioSource 7415 by user 794:
INSERT INTO Reaction (name, generic, type, ec, idDB, dbIdentifier, go, goName) VALUES ('rpiA', '0', 'small', '', '6668', 'rpiA', '', '');
-- 2024/12/04_14:44:15: Update of BioSource 7415 by user 794:
INSERT INTO ReactionInBioSource (idReaction, idBioSource, reversible, hole, upperBound, lowerBound, fast) VALUES ('12840743', '7415','1', '0', '9999', '-9999', '0')
-- 2024/12/04_14:44:15: Update of BioSource 7415 by user 794:
INSERT INTO LeftParticipant (idReaction, idMetabolite, coeff,  side) VALUES ('12840743', '13204176',  '1', '0')
-- 2024/12/04_14:44:15: Update of BioSource 7415 by user 794:
INSERT INTO ReactionInPathway (idPathway, idReactionBioSource) VALUES ('1447048', '14320061')
-- 2024/12/04_14:45:36: Update of BioSource 7415 by user 794:
UPDATE Reaction SET `name`='tk1', `generic`='0', `ec`='', `dbIdentifier`='tk1', `go`='', `goName`='' WHERE `Reaction`.`id`='12687297';
-- 2024/12/04_14:45:36: Update of BioSource 7415 by user 794:
UPDATE `ReactionInBioSource` SET `reversible`='1', `hole`='0', `upperBound`='9999', `lowerBound`='-9999' WHERE  `ReactionInBioSource`.`idReaction`='12687297' AND `ReactionInBioSource`.`idBioSource`='7415' ;
-- 2024/12/04_14:45:36: Update of BioSource 7415 by user 794:
DELETE FROM RightParticipant WHERE idReaction='12687297';
-- 2024/12/04_14:45:36: Update of BioSource 7415 by user 794:
INSERT INTO RightParticipant (idReaction, idMetabolite, coeff, side) VALUES ('12687297', '13204181',  '1.0', '0'), ('12687297', '13204190',  '1.0', '0')
-- 2024/12/04_14:45:36: Update of BioSource 7415 by user 794:
DELETE FROM ReactionInPathway WHERE `idReactionBioSource`='14166615';
-- 2024/12/04_14:45:36: Update of BioSource 7415 by user 794:
INSERT INTO ReactionInPathway (idPathway, idReactionBioSource) VALUES ('1447048', '14166615')
-- 2024/12/04_14:45:36: Update of BioSource 7415 by user 794:
DELETE FROM Catalyses WHERE `idReactionInBioSource`='14166615';
-- 2024/12/04_14:45:36: Update of BioSource 7415 by user 794:
DELETE FROM ReactionHasStatus WHERE `idReaction`='12687297';
-- 2024/12/04_14:46:37: Update of BioSource 7415 by user 794:
INSERT INTO Reaction (name, generic, type, ec, idDB, dbIdentifier, go, goName) VALUES ('tk1', '0', 'small', '', '6668', 'tk1', '', '');
-- 2024/12/04_14:46:37: Update of BioSource 7415 by user 794:
INSERT INTO ReactionInBioSource (idReaction, idBioSource, reversible, hole, upperBound, lowerBound, fast) VALUES ('12840744', '7415','0', '0', '9999', '0', '0')
-- 2024/12/04_14:46:37: Update of BioSource 7415 by user 794:
INSERT INTO LeftParticipant (idReaction, idMetabolite, coeff,  side) VALUES ('12840744', '13204163',  '1', '0'), ('12840744', '13204180',  '1', '0')
-- 2024/12/04_14:46:37: Update of BioSource 7415 by user 794:
INSERT INTO RightParticipant (idReaction, idMetabolite, coeff, side) VALUES ('12840744', '13204190',  '1', '0'), ('12840744', '13204181',  '1', '0')
-- 2024/12/04_14:46:37: Update of BioSource 7415 by user 794:
INSERT INTO ReactionInPathway (idPathway, idReactionBioSource) VALUES ('1447048', '14320062')
-- 2024/12/04_14:50:13: Update of BioSource 7415 by user 794:
INSERT INTO Reaction (name, generic, type, ec, idDB, dbIdentifier, go, goName) VALUES ('rpiA', '0', 'small', '', '6668', 'rpiA', '', '');
-- 2024/12/04_14:50:13: Update of BioSource 7415 by user 794:
INSERT INTO ReactionInBioSource (idReaction, idBioSource, reversible, hole, upperBound, lowerBound, fast) VALUES ('12840745', '7415','0', '0', '9999', '0', '0')
-- 2024/12/04_14:50:13: Update of BioSource 7415 by user 794:
INSERT INTO LeftParticipant (idReaction, idMetabolite, coeff,  side) VALUES ('12840745', '13204176',  '1', '0')
-- 2024/12/04_14:50:13: Update of BioSource 7415 by user 794:
INSERT INTO RightParticipant (idReaction, idMetabolite, coeff, side) VALUES ('12840745', '13204180',  '1', '0')
-- 2024/12/04_14:50:13: Update of BioSource 7415 by user 794:
INSERT INTO ReactionInPathway (idPathway, idReactionBioSource) VALUES ('1447048', '14320063')
-- 2025/02/10_15:30:26: Update of BioSource 7415 by user 794:
INSERT INTO Metabolite (name, chemicalFormula, weight, generic, idDB, dbIdentifier, charge) VALUES ('test','','NA','NA','6668','test','0');
-- 2025/02/10_15:30:26: Update of BioSource 7415 by user 794:
INSERT INTO MetaboliteInCompartment (idMetabolite, idCompartmentInBioSource) VALUES ('13401220', '39447');
-- 2025/02/10_15:30:26: Update of BioSource 7415 by user 794:
INSERT INTO MetaboliteInBioSource (idBioSource, idMetabolite, boundaryCondition, sideCompound, constant, hasOnlySubstanceUnit, substanceUnit, initialQuantity) VALUES ('7415', '13401220', '0', '0', '1', '0', 'NA', '0');
-- 2025/02/10_15:31:20: Update of BioSource 7415 by user 794:
INSERT INTO Reaction (name, generic, type, ec, idDB, dbIdentifier, go, goName) VALUES ('testreaction', '0', 'small', '', '6668', 'testreaction', '', '');
-- 2025/02/10_15:31:20: Update of BioSource 7415 by user 794:
INSERT INTO ReactionInBioSource (idReaction, idBioSource, reversible, hole, upperBound, lowerBound, fast) VALUES ('12904491', '7415','0', '0', '9999', '0', '0')
-- 2025/02/10_15:31:20: Update of BioSource 7415 by user 794:
INSERT INTO LeftParticipant (idReaction, idMetabolite, coeff,  side) VALUES ('12904491', '13401220',  '1', '0')
-- 2025/02/10_15:31:20: Update of BioSource 7415 by user 794:
INSERT INTO RightParticipant (idReaction, idMetabolite, coeff, side) VALUES ('12904491', '13204169',  '1', '0')
